{"id":36934,"date":"2015-01-19T11:50:15","date_gmt":"2015-01-19T10:50:15","guid":{"rendered":"https:\/\/pagodetharsys.com\/tienda\/productos\/pago-de-tharsys-brut-nature-reserva\/"},"modified":"2026-03-12T12:55:06","modified_gmt":"2026-03-12T11:55:06","slug":"cava-ecologico-garnacha-2021","status":"publish","type":"product","link":"https:\/\/pagodetharsys.com\/tienda\/productos\/cava-ecologico-garnacha-2021\/","title":{"rendered":"THARSYS \u00daNICO RESERVA 2021"},"content":{"rendered":"<h2 style=\"text-align: center;\">PAGO DE THARSYS | THARSYS \u00daNICO RESERVA 2021<\/h2>\n<p>&nbsp;<\/p>\n<h3 style=\"text-align: left;\">El Vi\u00f1edo<\/h3>\n<p data-start=\"695\" data-end=\"846\">Suelo mayoritariamente calizo con capas profundas de arcilla y roca \u201ctoba\u201d porosa, que retiene humedad y favorece uvas peque\u00f1as, arom\u00e1ticas y con alta acidez, ideales para vinos elegantes y de gran calidad.<\/p>\n<hr \/>\n<h3 style=\"text-align: left;\">A\u00f1ada 2021<\/h3>\n<p data-start=\"496\" data-end=\"620\">La a\u00f1ada 2021 cont\u00f3 con buenas reservas h\u00eddricas y un invierno muy fr\u00edo, seguido de primavera templada y verano caluroso que aceler\u00f3 la maduraci\u00f3n, dando una cosecha menos productiva pero de gran calidad y mayor madurez.<\/p>\n<hr \/>\n<h3 style=\"text-align: left;\">Elaboraci\u00f3n<\/h3>\n<p>Elaborado siguiendo el m\u00e9todo tradicional, con vendimia manual y prensado suave para obtener un mosto blanco de Garnacha tinta. Realiza una crianza m\u00ednima de 40 meses en cava subterr\u00e1nea. Tiene un dosage de 8 g\/l con licor de expedici\u00f3n de la solera familiar. El removido, deg\u00fcelle, etiquetado y encajado se realizan manualmente.<\/p>\n<div class=\"flex flex-col text-sm pb-25\">\n<article class=\"text-token-text-primary w-full focus:outline-none [--shadow-height:45px] has-data-writing-block:pointer-events-none has-data-writing-block:-mt-(--shadow-height) has-data-writing-block:pt-(--shadow-height) [&amp;:has([data-writing-block])&gt;*]:pointer-events-auto scroll-mt-[calc(var(--header-height)+min(200px,max(70px,20svh)))]\" dir=\"auto\" tabindex=\"-1\" data-turn-id=\"request-WEB:cefe8a6b-1a08-4405-a654-93f55666a3b1-13\" data-testid=\"conversation-turn-28\" data-scroll-anchor=\"true\" data-turn=\"assistant\">\n<div class=\"text-base my-auto mx-auto pb-10 [--thread-content-margin:--spacing(4)] @w-sm\/main:[--thread-content-margin:--spacing(6)] @w-lg\/main:[--thread-content-margin:--spacing(16)] px-(--thread-content-margin)\"><\/div>\n<\/article>\n<\/div>\n<hr \/>\n<h3>Notas de Cata<\/h3>\n<p style=\"text-align: left;\"><strong>Vista:<\/strong> Color amarillo paja p\u00e1lido y brillante, con burbuja fina, viva y persistente.<\/p>\n<p><strong>Nariz:<\/strong> Intensos aromas de fruta de hueso y manzana roja, con sutiles notas l\u00e1cteas, de levadura y frutos secos.<\/p>\n<p><strong>Boca:<\/strong> Entrada fresca y limpia, con gran estructura y volumen; burbuja crujiente y bien integrada, sensaci\u00f3n untuosa y larga persistencia con notas de uva, higos, mantequilla y frutos secos tostados.<\/p>\n<hr \/>\n<h3>Servicio y Maridaje<\/h3>\n<p><strong>Servicio:<\/strong> Servir entre 5\u20137 \u00baC en copa de tama\u00f1o medio y cuerpo amplio.<\/p>\n<p><strong>Maridaje:<\/strong> Ideal para carnes rojas, arroces y guisos de caza, pescados azules y platos con trufa negra.<\/p>\n<hr \/>\n<p>&nbsp;<\/p>\n<p><strong><em>Descubre m\u00e1s cavas como este en nuestra <a href=\"https:\/\/pagodetharsys.com\/tienda\/categoria-producto\/vinos\/cavas\/\" target=\"_blank\" rel=\"noopener\">colecci\u00f3n de cavas<\/a> o <a href=\"https:\/\/pagodetharsys.com\/contacto\/\">cont\u00e1ctanos<\/a>.<\/em><\/strong><\/p>\n","protected":false},"excerpt":{"rendered":"<h3><strong>\ud83c\udf77 Tharsys \u00danico Reserva 2021 es un cava ecol\u00f3gico, elaborado con un toque de licor de expedici\u00f3n de solera familiar y criado 36 meses en cavas subterr\u00e1neas. Elegante, estructurado y complejo, ofrece una burbuja persistente y sabores de fruta madura, mantequilla fresca y frutos secos.<\/strong><\/h3>\n<p>&nbsp;<\/p>\n<p data-start=\"50\" data-end=\"81\">\ud83d\udd34 <strong data-start=\"357\" data-end=\"366\">Tipo:<\/strong> Vino espumoso blanco con variedad tinta<\/p>\n<p data-start=\"50\" data-end=\"81\">\ud83c\udf47 <strong data-start=\"383\" data-end=\"396\">Variedad:<\/strong> Garnacha tinta<\/p>\n<p data-start=\"83\" data-end=\"104\"><strong data-start=\"86\" data-end=\"95\">\ud83d\udcc5 A\u00f1ada:\u00a0<\/strong>2021<\/p>\n<p data-start=\"83\" data-end=\"104\"><strong>\ud83c\udf77 Grado Alcoh\u00f3lico:<\/strong> 12%<\/p>\n<p data-start=\"106\" data-end=\"165\"><strong data-start=\"109\" data-end=\"125\">\ud83d\udccd Denominaci\u00f3n: <\/strong>DO Cava<\/p>\n<p data-start=\"167\" data-end=\"295\">\ud83d\udd70\ufe0f <strong>Crianza<\/strong>: M\u00ednimo 40 meses de crianza en rima<\/p>\n<p data-start=\"167\" data-end=\"295\">CERTIFICADO CAECV PRODUCTO ECOLOGICO<br \/>\nCERTIFICADO PRODUCTO VEGANO<\/p>\n","protected":false},"featured_media":658270,"comment_status":"closed","ping_status":"closed","template":"","meta":{"inline_featured_image":false,"site-sidebar-layout":"default","site-content-layout":"","ast-site-content-layout":"default","site-content-style":"default","site-sidebar-style":"default","ast-global-header-display":"","ast-banner-title-visibility":"","ast-main-header-display":"","ast-hfb-above-header-display":"","ast-hfb-below-header-display":"","ast-hfb-mobile-header-display":"","site-post-title":"","ast-breadcrumbs-content":"","ast-featured-img":"","footer-sml-layout":"","ast-disable-related-posts":"","theme-transparent-header-meta":"default","adv-header-id-meta":"","stick-header-meta":"default","header-above-stick-meta":"","header-main-stick-meta":"","header-below-stick-meta":"","astra-migrate-meta-layouts":"set","ast-page-background-enabled":"default","ast-page-background-meta":{"desktop":{"background-color":"var(--ast-global-color-4)","background-image":"","background-repeat":"repeat","background-position":"center center","background-size":"auto","background-attachment":"scroll","background-type":"","background-media":"","overlay-type":"","overlay-color":"","overlay-opacity":"","overlay-gradient":""},"tablet":{"background-color":"","background-image":"","background-repeat":"repeat","background-position":"center center","background-size":"auto","background-attachment":"scroll","background-type":"","background-media":"","overlay-type":"","overlay-color":"","overlay-opacity":"","overlay-gradient":""},"mobile":{"background-color":"","background-image":"","background-repeat":"repeat","background-position":"center center","background-size":"auto","background-attachment":"scroll","background-type":"","background-media":"","overlay-type":"","overlay-color":"","overlay-opacity":"","overlay-gradient":""}},"ast-content-background-meta":{"desktop":{"background-color":"var(--ast-global-color-5)","background-image":"","background-repeat":"repeat","background-position":"center center","background-size":"auto","background-attachment":"scroll","background-type":"","background-media":"","overlay-type":"","overlay-color":"","overlay-opacity":"","overlay-gradient":""},"tablet":{"background-color":"var(--ast-global-color-5)","background-image":"","background-repeat":"repeat","background-position":"center center","background-size":"auto","background-attachment":"scroll","background-type":"","background-media":"","overlay-type":"","overlay-color":"","overlay-opacity":"","overlay-gradient":""},"mobile":{"background-color":"var(--ast-global-color-5)","background-image":"","background-repeat":"repeat","background-position":"center center","background-size":"auto","background-attachment":"scroll","background-type":"","background-media":"","overlay-type":"","overlay-color":"","overlay-opacity":"","overlay-gradient":""}}},"product_brand":[],"product_cat":[1714,1708],"product_tag":[1862,1864,1866,1865,1867,1856,1863],"class_list":{"0":"post-36934","1":"product","2":"type-product","3":"status-publish","4":"has-post-thumbnail","6":"product_cat-cavas","7":"product_cat-pago-de-tharsys","8":"product_tag-brut-nature","9":"product_tag-cava","10":"product_tag-chardonnay","11":"product_tag-ecologico","12":"product_tag-etiqueta-ceramica","13":"product_tag-pago-de-tharsys","14":"product_tag-reserva","15":"desktop-align-left","16":"tablet-align-left","17":"mobile-align-left","18":"ast-product-gallery-layout-vertical-slider","19":"ast-magnify-disabled","20":"ast-product-tabs-layout-accordion","22":"first","23":"instock","24":"taxable","25":"shipping-taxable","26":"purchasable","27":"product-type-simple"},"booking_location":null,"booking_location_type":null,"booking_duration":null,"booking_duration_unit":null,"booking_buffer":null,"booking_cost":null,"booking_resources":null,"yoast_head":"<!-- This site is optimized with the Yoast SEO plugin v27.5 - https:\/\/yoast.com\/product\/yoast-seo-wordpress\/ -->\n<title>Tharsys \u00danico Reserva 2021 | Pago de Tharsys<\/title>\n<meta name=\"description\" content=\"Pago de Tharsys | Tharsys \u00danico 2021 con 36 meses en rima. Elegante, carism\u00e1tico y artesanal. Cava con etiqueta de cer\u00e1mica.\" \/>\n<meta name=\"robots\" content=\"index, follow, max-snippet:-1, max-image-preview:large, max-video-preview:-1\" \/>\n<link rel=\"canonical\" href=\"https:\/\/pagodetharsys.com\/tienda\/productos\/cava-ecologico-garnacha-2021\/\" \/>\n<meta property=\"og:locale\" content=\"es_ES\" \/>\n<meta property=\"og:type\" content=\"article\" \/>\n<meta property=\"og:title\" content=\"Tharsys \u00danico Reserva 2021 | Pago de Tharsys\" \/>\n<meta property=\"og:description\" content=\"Pago de Tharsys | Tharsys \u00danico 2021 con 36 meses en rima. Elegante, carism\u00e1tico y artesanal. Cava con etiqueta de cer\u00e1mica.\" \/>\n<meta property=\"og:url\" content=\"https:\/\/pagodetharsys.com\/tienda\/productos\/cava-ecologico-garnacha-2021\/\" \/>\n<meta property=\"og:site_name\" content=\"Pago de Tharsys\" \/>\n<meta property=\"article:publisher\" content=\"https:\/\/www.facebook.com\/pagodetharsys\/\" \/>\n<meta property=\"article:modified_time\" content=\"2026-03-12T11:55:06+00:00\" \/>\n<meta property=\"og:image\" content=\"https:\/\/pagodetharsys.com\/tienda\/wp-content\/uploads\/2015\/01\/Tharsys-Unico-scaled.jpg\" \/>\n\t<meta property=\"og:image:width\" content=\"1714\" \/>\n\t<meta property=\"og:image:height\" content=\"2560\" \/>\n\t<meta property=\"og:image:type\" content=\"image\/jpeg\" \/>\n<meta name=\"twitter:card\" content=\"summary_large_image\" \/>\n<meta name=\"twitter:site\" content=\"@pagodetharsys\" \/>\n<meta name=\"twitter:label1\" content=\"Tiempo de lectura\" \/>\n\t<meta name=\"twitter:data1\" content=\"2 minutos\" \/>\n<script type=\"application\/ld+json\" class=\"yoast-schema-graph\">{\"@context\":\"https:\\\/\\\/schema.org\",\"@graph\":[{\"@type\":\"WebPage\",\"@id\":\"https:\\\/\\\/pagodetharsys.com\\\/tienda\\\/productos\\\/cava-ecologico-garnacha-2021\\\/\",\"url\":\"https:\\\/\\\/pagodetharsys.com\\\/tienda\\\/productos\\\/cava-ecologico-garnacha-2021\\\/\",\"name\":\"Tharsys \u00danico Reserva 2021 | Pago de Tharsys\",\"isPartOf\":{\"@id\":\"https:\\\/\\\/pagodetharsys.com\\\/tienda\\\/#website\"},\"primaryImageOfPage\":{\"@id\":\"https:\\\/\\\/pagodetharsys.com\\\/tienda\\\/productos\\\/cava-ecologico-garnacha-2021\\\/#primaryimage\"},\"image\":{\"@id\":\"https:\\\/\\\/pagodetharsys.com\\\/tienda\\\/productos\\\/cava-ecologico-garnacha-2021\\\/#primaryimage\"},\"thumbnailUrl\":\"https:\\\/\\\/pagodetharsys.com\\\/tienda\\\/wp-content\\\/uploads\\\/2015\\\/01\\\/Tharsys-Unico-scaled.jpg\",\"datePublished\":\"2015-01-19T10:50:15+00:00\",\"dateModified\":\"2026-03-12T11:55:06+00:00\",\"description\":\"Pago de Tharsys | Tharsys \u00danico 2021 con 36 meses en rima. Elegante, carism\u00e1tico y artesanal. Cava con etiqueta de cer\u00e1mica.\",\"breadcrumb\":{\"@id\":\"https:\\\/\\\/pagodetharsys.com\\\/tienda\\\/productos\\\/cava-ecologico-garnacha-2021\\\/#breadcrumb\"},\"inLanguage\":\"es\",\"potentialAction\":[{\"@type\":\"ReadAction\",\"target\":[\"https:\\\/\\\/pagodetharsys.com\\\/tienda\\\/productos\\\/cava-ecologico-garnacha-2021\\\/\"]}]},{\"@type\":\"ImageObject\",\"inLanguage\":\"es\",\"@id\":\"https:\\\/\\\/pagodetharsys.com\\\/tienda\\\/productos\\\/cava-ecologico-garnacha-2021\\\/#primaryimage\",\"url\":\"https:\\\/\\\/pagodetharsys.com\\\/tienda\\\/wp-content\\\/uploads\\\/2015\\\/01\\\/Tharsys-Unico-scaled.jpg\",\"contentUrl\":\"https:\\\/\\\/pagodetharsys.com\\\/tienda\\\/wp-content\\\/uploads\\\/2015\\\/01\\\/Tharsys-Unico-scaled.jpg\",\"width\":1714,\"height\":2560},{\"@type\":\"BreadcrumbList\",\"@id\":\"https:\\\/\\\/pagodetharsys.com\\\/tienda\\\/productos\\\/cava-ecologico-garnacha-2021\\\/#breadcrumb\",\"itemListElement\":[{\"@type\":\"ListItem\",\"position\":1,\"name\":\"Portada\",\"item\":\"https:\\\/\\\/pagodetharsys.com\\\/tienda\\\/\"},{\"@type\":\"ListItem\",\"position\":2,\"name\":\"Products\",\"item\":\"https:\\\/\\\/pagodetharsys.com\\\/tienda\\\/en\\\/\"},{\"@type\":\"ListItem\",\"position\":3,\"name\":\"THARSYS \u00daNICO RESERVA 2021\"}]},{\"@type\":\"WebSite\",\"@id\":\"https:\\\/\\\/pagodetharsys.com\\\/tienda\\\/#website\",\"url\":\"https:\\\/\\\/pagodetharsys.com\\\/tienda\\\/\",\"name\":\"Pago de Tharsys\",\"description\":\"Una experiencia sensorial que llega m\u00e1s all\u00e1 de una copa de vino\",\"publisher\":{\"@id\":\"https:\\\/\\\/pagodetharsys.com\\\/tienda\\\/#organization\"},\"potentialAction\":[{\"@type\":\"SearchAction\",\"target\":{\"@type\":\"EntryPoint\",\"urlTemplate\":\"https:\\\/\\\/pagodetharsys.com\\\/tienda\\\/?s={search_term_string}\"},\"query-input\":{\"@type\":\"PropertyValueSpecification\",\"valueRequired\":true,\"valueName\":\"search_term_string\"}}],\"inLanguage\":\"es\"},{\"@type\":\"Organization\",\"@id\":\"https:\\\/\\\/pagodetharsys.com\\\/tienda\\\/#organization\",\"name\":\"Pago de Tharsys\",\"url\":\"https:\\\/\\\/pagodetharsys.com\\\/tienda\\\/\",\"logo\":{\"@type\":\"ImageObject\",\"inLanguage\":\"es\",\"@id\":\"https:\\\/\\\/pagodetharsys.com\\\/tienda\\\/#\\\/schema\\\/logo\\\/image\\\/\",\"url\":\"https:\\\/\\\/pagodetharsys.com\\\/tienda\\\/wp-content\\\/uploads\\\/2025\\\/12\\\/logo-pagodetharsys-2025.svg\",\"contentUrl\":\"https:\\\/\\\/pagodetharsys.com\\\/tienda\\\/wp-content\\\/uploads\\\/2025\\\/12\\\/logo-pagodetharsys-2025.svg\",\"width\":100,\"height\":100,\"caption\":\"Pago de Tharsys\"},\"image\":{\"@id\":\"https:\\\/\\\/pagodetharsys.com\\\/tienda\\\/#\\\/schema\\\/logo\\\/image\\\/\"},\"sameAs\":[\"https:\\\/\\\/www.facebook.com\\\/pagodetharsys\\\/\",\"https:\\\/\\\/x.com\\\/pagodetharsys\",\"https:\\\/\\\/www.instagram.com\\\/pagodetharsys\\\/\"]}]}<\/script>\n<!-- \/ Yoast SEO plugin. -->","yoast_head_json":{"title":"Tharsys \u00danico Reserva 2021 | Pago de Tharsys","description":"Pago de Tharsys | Tharsys \u00danico 2021 con 36 meses en rima. Elegante, carism\u00e1tico y artesanal. Cava con etiqueta de cer\u00e1mica.","robots":{"index":"index","follow":"follow","max-snippet":"max-snippet:-1","max-image-preview":"max-image-preview:large","max-video-preview":"max-video-preview:-1"},"canonical":"https:\/\/pagodetharsys.com\/tienda\/productos\/cava-ecologico-garnacha-2021\/","og_locale":"es_ES","og_type":"article","og_title":"Tharsys \u00danico Reserva 2021 | Pago de Tharsys","og_description":"Pago de Tharsys | Tharsys \u00danico 2021 con 36 meses en rima. Elegante, carism\u00e1tico y artesanal. Cava con etiqueta de cer\u00e1mica.","og_url":"https:\/\/pagodetharsys.com\/tienda\/productos\/cava-ecologico-garnacha-2021\/","og_site_name":"Pago de Tharsys","article_publisher":"https:\/\/www.facebook.com\/pagodetharsys\/","article_modified_time":"2026-03-12T11:55:06+00:00","og_image":[{"width":1714,"height":2560,"url":"https:\/\/pagodetharsys.com\/tienda\/wp-content\/uploads\/2015\/01\/Tharsys-Unico-scaled.jpg","type":"image\/jpeg"}],"twitter_card":"summary_large_image","twitter_site":"@pagodetharsys","twitter_misc":{"Tiempo de lectura":"2 minutos"},"schema":{"@context":"https:\/\/schema.org","@graph":[{"@type":"WebPage","@id":"https:\/\/pagodetharsys.com\/tienda\/productos\/cava-ecologico-garnacha-2021\/","url":"https:\/\/pagodetharsys.com\/tienda\/productos\/cava-ecologico-garnacha-2021\/","name":"Tharsys \u00danico Reserva 2021 | Pago de Tharsys","isPartOf":{"@id":"https:\/\/pagodetharsys.com\/tienda\/#website"},"primaryImageOfPage":{"@id":"https:\/\/pagodetharsys.com\/tienda\/productos\/cava-ecologico-garnacha-2021\/#primaryimage"},"image":{"@id":"https:\/\/pagodetharsys.com\/tienda\/productos\/cava-ecologico-garnacha-2021\/#primaryimage"},"thumbnailUrl":"https:\/\/pagodetharsys.com\/tienda\/wp-content\/uploads\/2015\/01\/Tharsys-Unico-scaled.jpg","datePublished":"2015-01-19T10:50:15+00:00","dateModified":"2026-03-12T11:55:06+00:00","description":"Pago de Tharsys | Tharsys \u00danico 2021 con 36 meses en rima. Elegante, carism\u00e1tico y artesanal. Cava con etiqueta de cer\u00e1mica.","breadcrumb":{"@id":"https:\/\/pagodetharsys.com\/tienda\/productos\/cava-ecologico-garnacha-2021\/#breadcrumb"},"inLanguage":"es","potentialAction":[{"@type":"ReadAction","target":["https:\/\/pagodetharsys.com\/tienda\/productos\/cava-ecologico-garnacha-2021\/"]}]},{"@type":"ImageObject","inLanguage":"es","@id":"https:\/\/pagodetharsys.com\/tienda\/productos\/cava-ecologico-garnacha-2021\/#primaryimage","url":"https:\/\/pagodetharsys.com\/tienda\/wp-content\/uploads\/2015\/01\/Tharsys-Unico-scaled.jpg","contentUrl":"https:\/\/pagodetharsys.com\/tienda\/wp-content\/uploads\/2015\/01\/Tharsys-Unico-scaled.jpg","width":1714,"height":2560},{"@type":"BreadcrumbList","@id":"https:\/\/pagodetharsys.com\/tienda\/productos\/cava-ecologico-garnacha-2021\/#breadcrumb","itemListElement":[{"@type":"ListItem","position":1,"name":"Portada","item":"https:\/\/pagodetharsys.com\/tienda\/"},{"@type":"ListItem","position":2,"name":"Products","item":"https:\/\/pagodetharsys.com\/tienda\/en\/"},{"@type":"ListItem","position":3,"name":"THARSYS \u00daNICO RESERVA 2021"}]},{"@type":"WebSite","@id":"https:\/\/pagodetharsys.com\/tienda\/#website","url":"https:\/\/pagodetharsys.com\/tienda\/","name":"Pago de Tharsys","description":"Una experiencia sensorial que llega m\u00e1s all\u00e1 de una copa de vino","publisher":{"@id":"https:\/\/pagodetharsys.com\/tienda\/#organization"},"potentialAction":[{"@type":"SearchAction","target":{"@type":"EntryPoint","urlTemplate":"https:\/\/pagodetharsys.com\/tienda\/?s={search_term_string}"},"query-input":{"@type":"PropertyValueSpecification","valueRequired":true,"valueName":"search_term_string"}}],"inLanguage":"es"},{"@type":"Organization","@id":"https:\/\/pagodetharsys.com\/tienda\/#organization","name":"Pago de Tharsys","url":"https:\/\/pagodetharsys.com\/tienda\/","logo":{"@type":"ImageObject","inLanguage":"es","@id":"https:\/\/pagodetharsys.com\/tienda\/#\/schema\/logo\/image\/","url":"https:\/\/pagodetharsys.com\/tienda\/wp-content\/uploads\/2025\/12\/logo-pagodetharsys-2025.svg","contentUrl":"https:\/\/pagodetharsys.com\/tienda\/wp-content\/uploads\/2025\/12\/logo-pagodetharsys-2025.svg","width":100,"height":100,"caption":"Pago de Tharsys"},"image":{"@id":"https:\/\/pagodetharsys.com\/tienda\/#\/schema\/logo\/image\/"},"sameAs":["https:\/\/www.facebook.com\/pagodetharsys\/","https:\/\/x.com\/pagodetharsys","https:\/\/www.instagram.com\/pagodetharsys\/"]}]}},"_links":{"self":[{"href":"https:\/\/pagodetharsys.com\/tienda\/wp-json\/wp\/v2\/product\/36934","targetHints":{"allow":["GET"]}}],"collection":[{"href":"https:\/\/pagodetharsys.com\/tienda\/wp-json\/wp\/v2\/product"}],"about":[{"href":"https:\/\/pagodetharsys.com\/tienda\/wp-json\/wp\/v2\/types\/product"}],"replies":[{"embeddable":true,"href":"https:\/\/pagodetharsys.com\/tienda\/wp-json\/wp\/v2\/comments?post=36934"}],"wp:featuredmedia":[{"embeddable":true,"href":"https:\/\/pagodetharsys.com\/tienda\/wp-json\/wp\/v2\/media\/658270"}],"wp:attachment":[{"href":"https:\/\/pagodetharsys.com\/tienda\/wp-json\/wp\/v2\/media?parent=36934"}],"wp:term":[{"taxonomy":"product_brand","embeddable":true,"href":"https:\/\/pagodetharsys.com\/tienda\/wp-json\/wp\/v2\/product_brand?post=36934"},{"taxonomy":"product_cat","embeddable":true,"href":"https:\/\/pagodetharsys.com\/tienda\/wp-json\/wp\/v2\/product_cat?post=36934"},{"taxonomy":"product_tag","embeddable":true,"href":"https:\/\/pagodetharsys.com\/tienda\/wp-json\/wp\/v2\/product_tag?post=36934"}],"curies":[{"name":"wp","href":"https:\/\/api.w.org\/{rel}","templated":true}]}}