{"id":36952,"date":"2015-02-13T11:43:40","date_gmt":"2015-02-13T10:43:40","guid":{"rendered":"https:\/\/pagodetharsys.com\/tienda\/productos\/pago-de-tharsys-rose-brut-nature-reserva\/"},"modified":"2026-03-12T12:57:15","modified_gmt":"2026-03-12T11:57:15","slug":"pago-de-tharsys-ceramica-rose-gran-reserva-2022","status":"publish","type":"product","link":"https:\/\/pagodetharsys.com\/tienda\/productos\/pago-de-tharsys-ceramica-rose-gran-reserva-2022\/","title":{"rendered":"PAGO DE THARSYS | CER\u00c1MICA ROS\u00c9 GRAN RESERVA 2022"},"content":{"rendered":"<h2 style=\"text-align: center;\">PAGO DE THARSYS | CER\u00c1MICA ROS\u00c9 GRAN RESERVA 2022<\/h2>\n<p>&nbsp;<\/p>\n<h3 style=\"text-align: left;\">El Vi\u00f1edo<\/h3>\n<p data-start=\"695\" data-end=\"846\">Suelo mayoritariamente calizo con roca \u201ctoba\u201d porosa en profundidad, que retiene humedad y favorece uvas peque\u00f1as, arom\u00e1ticas y con alta acidez, ideales para vinos elegantes y de gran calidad.<\/p>\n<hr \/>\n<h3 style=\"text-align: left;\">A\u00f1ada 2022<\/h3>\n<p data-start=\"496\" data-end=\"620\">La a\u00f1ada 2022 comenz\u00f3 con invierno templado y lluvioso y una primavera muy h\u00fameda que exigi\u00f3 intensa gesti\u00f3n de la vi\u00f1a, seguida de un verano seco y moderado que permiti\u00f3 una maduraci\u00f3n lenta y sana, dando vinos de gran calidad, frescura y excelente potencial de envejecimiento.<\/p>\n<hr \/>\n<h3 style=\"text-align: left;\">Elaboraci\u00f3n<\/h3>\n<p>Elaborado siguiendo el m\u00e9todo tradicional, con vendimia manual y maceraci\u00f3n de Garnacha para extraer color y aromas. Realiza una crianza superior a 36 meses en botella y se elabora como Brut Nature \u201c0 dosage\u201d para expresar el car\u00e1cter del terroir. El etiquetado y encajado se realizan manualmente.<\/p>\n<hr \/>\n<h3>Notas de Cata<\/h3>\n<p style=\"text-align: left;\"><strong>Vista:<\/strong> Elegante color piel de cebolla, brillante y limpio, con burbuja fina, viva y persistente que forma una delicada corona.<\/p>\n<p><strong>Nariz:<\/strong> Intensos aromas florales y de fruta roja con toques c\u00edtricos, acompa\u00f1ados de notas de panader\u00eda, mantequilla y un elegante fondo mineral.<\/p>\n<p><strong>Boca:<\/strong> Seco y fresco, con gran acidez, estructura y volumen; burbuja fina y cremosa, notas de frutos rojos, pan y mantequilla, y un largo final con sutil toque bals\u00e1mico.<\/p>\n<hr \/>\n<h3>Servicio y Maridaje<\/h3>\n<p><strong>Servicio:<\/strong> Servir entre 5\u20137 \u00baC en copa de tama\u00f1o medio ligeramente cerrada en la parte superior.<\/p>\n<p><strong>Maridaje:<\/strong> Ideal para steak tartar y sashimi, as\u00ed como mariscos intensos, quesos curados y mojama.<\/p>\n<hr \/>\n<p>&nbsp;<\/p>\n<p><strong><em>Descubre m\u00e1s cavas como este en nuestra <a href=\"https:\/\/pagodetharsys.com\/tienda\/categoria-producto\/vinos\/cavas\/\" target=\"_blank\" rel=\"noopener\">colecci\u00f3n de cavas<\/a> o <a href=\"https:\/\/pagodetharsys.com\/contacto\/\">cont\u00e1ctanos<\/a>.<\/em><\/strong><\/p>\n","protected":false},"excerpt":{"rendered":"<h3>\ud83c\udf77 <strong>Cava rosado ecol\u00f3gico 100% Garnacha. Crianza de 50 meses, burbuja fina, elegante y mineral. Ideal para maridar con tartar y marisco.<\/strong><\/h3>\n<p>&nbsp;<\/p>\n<p><strong>\ud83d\udd34Tipo:<\/strong> Vino espumoso rosado<\/p>\n<p><strong>\ud83c\udf47Variedades:<\/strong> Garnacha<\/p>\n<p><strong>\ud83d\udcc5A\u00f1ada:<\/strong> 2022<\/p>\n<p><strong>\ud83c\udf77Grado Alcoh\u00f3lico:<\/strong> 12%<\/p>\n<p><strong>\ud83d\udccdDenominaci\u00f3n: <\/strong>DO Cava<\/p>\n<p><strong>\ud83d\udd70\ufe0fCrianza:<\/strong> Crianza en rima de m\u00e1s de 50 meses<\/p>\n<p><em>CERTIFICADO OFICIAL UE DE VINO ECOL\u00d3GICO<\/em><\/p>\n","protected":false},"featured_media":511140,"comment_status":"closed","ping_status":"closed","template":"","meta":{"inline_featured_image":false,"site-sidebar-layout":"default","site-content-layout":"","ast-site-content-layout":"default","site-content-style":"default","site-sidebar-style":"default","ast-global-header-display":"","ast-banner-title-visibility":"","ast-main-header-display":"","ast-hfb-above-header-display":"","ast-hfb-below-header-display":"","ast-hfb-mobile-header-display":"","site-post-title":"","ast-breadcrumbs-content":"","ast-featured-img":"","footer-sml-layout":"","ast-disable-related-posts":"","theme-transparent-header-meta":"default","adv-header-id-meta":"","stick-header-meta":"default","header-above-stick-meta":"","header-main-stick-meta":"","header-below-stick-meta":"","astra-migrate-meta-layouts":"set","ast-page-background-enabled":"default","ast-page-background-meta":{"desktop":{"background-color":"var(--ast-global-color-4)","background-image":"","background-repeat":"repeat","background-position":"center center","background-size":"auto","background-attachment":"scroll","background-type":"","background-media":"","overlay-type":"","overlay-color":"","overlay-opacity":"","overlay-gradient":""},"tablet":{"background-color":"","background-image":"","background-repeat":"repeat","background-position":"center center","background-size":"auto","background-attachment":"scroll","background-type":"","background-media":"","overlay-type":"","overlay-color":"","overlay-opacity":"","overlay-gradient":""},"mobile":{"background-color":"","background-image":"","background-repeat":"repeat","background-position":"center center","background-size":"auto","background-attachment":"scroll","background-type":"","background-media":"","overlay-type":"","overlay-color":"","overlay-opacity":"","overlay-gradient":""}},"ast-content-background-meta":{"desktop":{"background-color":"var(--ast-global-color-5)","background-image":"","background-repeat":"repeat","background-position":"center center","background-size":"auto","background-attachment":"scroll","background-type":"","background-media":"","overlay-type":"","overlay-color":"","overlay-opacity":"","overlay-gradient":""},"tablet":{"background-color":"var(--ast-global-color-5)","background-image":"","background-repeat":"repeat","background-position":"center center","background-size":"auto","background-attachment":"scroll","background-type":"","background-media":"","overlay-type":"","overlay-color":"","overlay-opacity":"","overlay-gradient":""},"mobile":{"background-color":"var(--ast-global-color-5)","background-image":"","background-repeat":"repeat","background-position":"center center","background-size":"auto","background-attachment":"scroll","background-type":"","background-media":"","overlay-type":"","overlay-color":"","overlay-opacity":"","overlay-gradient":""}}},"product_brand":[],"product_cat":[1714,1708],"product_tag":[1862,1864,1856,1863,1886],"class_list":{"0":"post-36952","1":"product","2":"type-product","3":"status-publish","4":"has-post-thumbnail","6":"product_cat-cavas","7":"product_cat-pago-de-tharsys","8":"product_tag-brut-nature","9":"product_tag-cava","10":"product_tag-pago-de-tharsys","11":"product_tag-reserva","12":"product_tag-rosado","13":"desktop-align-left","14":"tablet-align-left","15":"mobile-align-left","16":"ast-product-gallery-layout-vertical-slider","17":"ast-magnify-disabled","18":"ast-product-tabs-layout-accordion","20":"first","21":"instock","22":"taxable","23":"shipping-taxable","24":"purchasable","25":"product-type-simple"},"booking_location":null,"booking_location_type":null,"booking_duration":null,"booking_duration_unit":null,"booking_buffer":null,"booking_cost":null,"booking_resources":null,"yoast_head":"<!-- This site is optimized with the Yoast SEO plugin v27.4 - https:\/\/yoast.com\/product\/yoast-seo-wordpress\/ -->\n<title>Cer\u00e1mica Ros\u00e9 Gran Reserva 2022 | Pago de Tharsys<\/title>\n<meta name=\"description\" content=\"Pago de Tharsys | Cer\u00e1mica Ros\u00e9 Gran Reserva 2022 de Garnacha con m\u00e1s de 50 meses en rima. Burbuja fina y elegante. Etiqueta cer\u00e1mica hecha a mano.\" \/>\n<meta name=\"robots\" content=\"index, follow, max-snippet:-1, max-image-preview:large, max-video-preview:-1\" \/>\n<link rel=\"canonical\" href=\"https:\/\/pagodetharsys.com\/tienda\/productos\/pago-de-tharsys-ceramica-rose-gran-reserva-2022\/\" \/>\n<meta property=\"og:locale\" content=\"es_ES\" \/>\n<meta property=\"og:type\" content=\"article\" \/>\n<meta property=\"og:title\" content=\"Cer\u00e1mica Ros\u00e9 Gran Reserva 2022 | Pago de Tharsys\" \/>\n<meta property=\"og:description\" content=\"Pago de Tharsys | Cer\u00e1mica Ros\u00e9 Gran Reserva 2022 de Garnacha con m\u00e1s de 50 meses en rima. Burbuja fina y elegante. Etiqueta cer\u00e1mica hecha a mano.\" \/>\n<meta property=\"og:url\" content=\"https:\/\/pagodetharsys.com\/tienda\/productos\/pago-de-tharsys-ceramica-rose-gran-reserva-2022\/\" \/>\n<meta property=\"og:site_name\" content=\"Pago de Tharsys\" \/>\n<meta property=\"article:publisher\" content=\"https:\/\/www.facebook.com\/pagodetharsys\/\" \/>\n<meta property=\"article:modified_time\" content=\"2026-03-12T11:57:15+00:00\" \/>\n<meta property=\"og:image\" content=\"https:\/\/pagodetharsys.com\/tienda\/wp-content\/uploads\/2015\/02\/Pago-de-Tharsys-Rose-BN-Gran-Reserva-2018-Ceramica-1.jpg\" \/>\n\t<meta property=\"og:image:width\" content=\"1622\" \/>\n\t<meta property=\"og:image:height\" content=\"2560\" \/>\n\t<meta property=\"og:image:type\" content=\"image\/jpeg\" \/>\n<meta name=\"twitter:card\" content=\"summary_large_image\" \/>\n<meta name=\"twitter:site\" content=\"@pagodetharsys\" \/>\n<meta name=\"twitter:label1\" content=\"Tiempo de lectura\" \/>\n\t<meta name=\"twitter:data1\" content=\"2 minutos\" \/>\n<script type=\"application\/ld+json\" class=\"yoast-schema-graph\">{\"@context\":\"https:\\\/\\\/schema.org\",\"@graph\":[{\"@type\":\"WebPage\",\"@id\":\"https:\\\/\\\/pagodetharsys.com\\\/tienda\\\/productos\\\/pago-de-tharsys-ceramica-rose-gran-reserva-2022\\\/\",\"url\":\"https:\\\/\\\/pagodetharsys.com\\\/tienda\\\/productos\\\/pago-de-tharsys-ceramica-rose-gran-reserva-2022\\\/\",\"name\":\"Cer\u00e1mica Ros\u00e9 Gran Reserva 2022 | Pago de Tharsys\",\"isPartOf\":{\"@id\":\"https:\\\/\\\/pagodetharsys.com\\\/tienda\\\/#website\"},\"primaryImageOfPage\":{\"@id\":\"https:\\\/\\\/pagodetharsys.com\\\/tienda\\\/productos\\\/pago-de-tharsys-ceramica-rose-gran-reserva-2022\\\/#primaryimage\"},\"image\":{\"@id\":\"https:\\\/\\\/pagodetharsys.com\\\/tienda\\\/productos\\\/pago-de-tharsys-ceramica-rose-gran-reserva-2022\\\/#primaryimage\"},\"thumbnailUrl\":\"https:\\\/\\\/pagodetharsys.com\\\/tienda\\\/wp-content\\\/uploads\\\/2015\\\/02\\\/Pago-de-Tharsys-Rose-BN-Gran-Reserva-2018-Ceramica-1.jpg\",\"datePublished\":\"2015-02-13T10:43:40+00:00\",\"dateModified\":\"2026-03-12T11:57:15+00:00\",\"description\":\"Pago de Tharsys | Cer\u00e1mica Ros\u00e9 Gran Reserva 2022 de Garnacha con m\u00e1s de 50 meses en rima. Burbuja fina y elegante. Etiqueta cer\u00e1mica hecha a mano.\",\"breadcrumb\":{\"@id\":\"https:\\\/\\\/pagodetharsys.com\\\/tienda\\\/productos\\\/pago-de-tharsys-ceramica-rose-gran-reserva-2022\\\/#breadcrumb\"},\"inLanguage\":\"es\",\"potentialAction\":[{\"@type\":\"ReadAction\",\"target\":[\"https:\\\/\\\/pagodetharsys.com\\\/tienda\\\/productos\\\/pago-de-tharsys-ceramica-rose-gran-reserva-2022\\\/\"]}]},{\"@type\":\"ImageObject\",\"inLanguage\":\"es\",\"@id\":\"https:\\\/\\\/pagodetharsys.com\\\/tienda\\\/productos\\\/pago-de-tharsys-ceramica-rose-gran-reserva-2022\\\/#primaryimage\",\"url\":\"https:\\\/\\\/pagodetharsys.com\\\/tienda\\\/wp-content\\\/uploads\\\/2015\\\/02\\\/Pago-de-Tharsys-Rose-BN-Gran-Reserva-2018-Ceramica-1.jpg\",\"contentUrl\":\"https:\\\/\\\/pagodetharsys.com\\\/tienda\\\/wp-content\\\/uploads\\\/2015\\\/02\\\/Pago-de-Tharsys-Rose-BN-Gran-Reserva-2018-Ceramica-1.jpg\",\"width\":1622,\"height\":2560},{\"@type\":\"BreadcrumbList\",\"@id\":\"https:\\\/\\\/pagodetharsys.com\\\/tienda\\\/productos\\\/pago-de-tharsys-ceramica-rose-gran-reserva-2022\\\/#breadcrumb\",\"itemListElement\":[{\"@type\":\"ListItem\",\"position\":1,\"name\":\"Portada\",\"item\":\"https:\\\/\\\/pagodetharsys.com\\\/tienda\\\/\"},{\"@type\":\"ListItem\",\"position\":2,\"name\":\"Products\",\"item\":\"https:\\\/\\\/pagodetharsys.com\\\/tienda\\\/en\\\/\"},{\"@type\":\"ListItem\",\"position\":3,\"name\":\"PAGO DE THARSYS | CER\u00c1MICA ROS\u00c9 GRAN RESERVA 2022\"}]},{\"@type\":\"WebSite\",\"@id\":\"https:\\\/\\\/pagodetharsys.com\\\/tienda\\\/#website\",\"url\":\"https:\\\/\\\/pagodetharsys.com\\\/tienda\\\/\",\"name\":\"Pago de Tharsys\",\"description\":\"Una experiencia sensorial que llega m\u00e1s all\u00e1 de una copa de vino\",\"publisher\":{\"@id\":\"https:\\\/\\\/pagodetharsys.com\\\/tienda\\\/#organization\"},\"potentialAction\":[{\"@type\":\"SearchAction\",\"target\":{\"@type\":\"EntryPoint\",\"urlTemplate\":\"https:\\\/\\\/pagodetharsys.com\\\/tienda\\\/?s={search_term_string}\"},\"query-input\":{\"@type\":\"PropertyValueSpecification\",\"valueRequired\":true,\"valueName\":\"search_term_string\"}}],\"inLanguage\":\"es\"},{\"@type\":\"Organization\",\"@id\":\"https:\\\/\\\/pagodetharsys.com\\\/tienda\\\/#organization\",\"name\":\"Pago de Tharsys\",\"url\":\"https:\\\/\\\/pagodetharsys.com\\\/tienda\\\/\",\"logo\":{\"@type\":\"ImageObject\",\"inLanguage\":\"es\",\"@id\":\"https:\\\/\\\/pagodetharsys.com\\\/tienda\\\/#\\\/schema\\\/logo\\\/image\\\/\",\"url\":\"https:\\\/\\\/pagodetharsys.com\\\/tienda\\\/wp-content\\\/uploads\\\/2025\\\/12\\\/logo-pagodetharsys-2025.svg\",\"contentUrl\":\"https:\\\/\\\/pagodetharsys.com\\\/tienda\\\/wp-content\\\/uploads\\\/2025\\\/12\\\/logo-pagodetharsys-2025.svg\",\"width\":100,\"height\":100,\"caption\":\"Pago de Tharsys\"},\"image\":{\"@id\":\"https:\\\/\\\/pagodetharsys.com\\\/tienda\\\/#\\\/schema\\\/logo\\\/image\\\/\"},\"sameAs\":[\"https:\\\/\\\/www.facebook.com\\\/pagodetharsys\\\/\",\"https:\\\/\\\/x.com\\\/pagodetharsys\",\"https:\\\/\\\/www.instagram.com\\\/pagodetharsys\\\/\"]}]}<\/script>\n<!-- \/ Yoast SEO plugin. -->","yoast_head_json":{"title":"Cer\u00e1mica Ros\u00e9 Gran Reserva 2022 | Pago de Tharsys","description":"Pago de Tharsys | Cer\u00e1mica Ros\u00e9 Gran Reserva 2022 de Garnacha con m\u00e1s de 50 meses en rima. Burbuja fina y elegante. Etiqueta cer\u00e1mica hecha a mano.","robots":{"index":"index","follow":"follow","max-snippet":"max-snippet:-1","max-image-preview":"max-image-preview:large","max-video-preview":"max-video-preview:-1"},"canonical":"https:\/\/pagodetharsys.com\/tienda\/productos\/pago-de-tharsys-ceramica-rose-gran-reserva-2022\/","og_locale":"es_ES","og_type":"article","og_title":"Cer\u00e1mica Ros\u00e9 Gran Reserva 2022 | Pago de Tharsys","og_description":"Pago de Tharsys | Cer\u00e1mica Ros\u00e9 Gran Reserva 2022 de Garnacha con m\u00e1s de 50 meses en rima. Burbuja fina y elegante. Etiqueta cer\u00e1mica hecha a mano.","og_url":"https:\/\/pagodetharsys.com\/tienda\/productos\/pago-de-tharsys-ceramica-rose-gran-reserva-2022\/","og_site_name":"Pago de Tharsys","article_publisher":"https:\/\/www.facebook.com\/pagodetharsys\/","article_modified_time":"2026-03-12T11:57:15+00:00","og_image":[{"width":1622,"height":2560,"url":"https:\/\/pagodetharsys.com\/tienda\/wp-content\/uploads\/2015\/02\/Pago-de-Tharsys-Rose-BN-Gran-Reserva-2018-Ceramica-1.jpg","type":"image\/jpeg"}],"twitter_card":"summary_large_image","twitter_site":"@pagodetharsys","twitter_misc":{"Tiempo de lectura":"2 minutos"},"schema":{"@context":"https:\/\/schema.org","@graph":[{"@type":"WebPage","@id":"https:\/\/pagodetharsys.com\/tienda\/productos\/pago-de-tharsys-ceramica-rose-gran-reserva-2022\/","url":"https:\/\/pagodetharsys.com\/tienda\/productos\/pago-de-tharsys-ceramica-rose-gran-reserva-2022\/","name":"Cer\u00e1mica Ros\u00e9 Gran Reserva 2022 | Pago de Tharsys","isPartOf":{"@id":"https:\/\/pagodetharsys.com\/tienda\/#website"},"primaryImageOfPage":{"@id":"https:\/\/pagodetharsys.com\/tienda\/productos\/pago-de-tharsys-ceramica-rose-gran-reserva-2022\/#primaryimage"},"image":{"@id":"https:\/\/pagodetharsys.com\/tienda\/productos\/pago-de-tharsys-ceramica-rose-gran-reserva-2022\/#primaryimage"},"thumbnailUrl":"https:\/\/pagodetharsys.com\/tienda\/wp-content\/uploads\/2015\/02\/Pago-de-Tharsys-Rose-BN-Gran-Reserva-2018-Ceramica-1.jpg","datePublished":"2015-02-13T10:43:40+00:00","dateModified":"2026-03-12T11:57:15+00:00","description":"Pago de Tharsys | Cer\u00e1mica Ros\u00e9 Gran Reserva 2022 de Garnacha con m\u00e1s de 50 meses en rima. Burbuja fina y elegante. Etiqueta cer\u00e1mica hecha a mano.","breadcrumb":{"@id":"https:\/\/pagodetharsys.com\/tienda\/productos\/pago-de-tharsys-ceramica-rose-gran-reserva-2022\/#breadcrumb"},"inLanguage":"es","potentialAction":[{"@type":"ReadAction","target":["https:\/\/pagodetharsys.com\/tienda\/productos\/pago-de-tharsys-ceramica-rose-gran-reserva-2022\/"]}]},{"@type":"ImageObject","inLanguage":"es","@id":"https:\/\/pagodetharsys.com\/tienda\/productos\/pago-de-tharsys-ceramica-rose-gran-reserva-2022\/#primaryimage","url":"https:\/\/pagodetharsys.com\/tienda\/wp-content\/uploads\/2015\/02\/Pago-de-Tharsys-Rose-BN-Gran-Reserva-2018-Ceramica-1.jpg","contentUrl":"https:\/\/pagodetharsys.com\/tienda\/wp-content\/uploads\/2015\/02\/Pago-de-Tharsys-Rose-BN-Gran-Reserva-2018-Ceramica-1.jpg","width":1622,"height":2560},{"@type":"BreadcrumbList","@id":"https:\/\/pagodetharsys.com\/tienda\/productos\/pago-de-tharsys-ceramica-rose-gran-reserva-2022\/#breadcrumb","itemListElement":[{"@type":"ListItem","position":1,"name":"Portada","item":"https:\/\/pagodetharsys.com\/tienda\/"},{"@type":"ListItem","position":2,"name":"Products","item":"https:\/\/pagodetharsys.com\/tienda\/en\/"},{"@type":"ListItem","position":3,"name":"PAGO DE THARSYS | CER\u00c1MICA ROS\u00c9 GRAN RESERVA 2022"}]},{"@type":"WebSite","@id":"https:\/\/pagodetharsys.com\/tienda\/#website","url":"https:\/\/pagodetharsys.com\/tienda\/","name":"Pago de Tharsys","description":"Una experiencia sensorial que llega m\u00e1s all\u00e1 de una copa de vino","publisher":{"@id":"https:\/\/pagodetharsys.com\/tienda\/#organization"},"potentialAction":[{"@type":"SearchAction","target":{"@type":"EntryPoint","urlTemplate":"https:\/\/pagodetharsys.com\/tienda\/?s={search_term_string}"},"query-input":{"@type":"PropertyValueSpecification","valueRequired":true,"valueName":"search_term_string"}}],"inLanguage":"es"},{"@type":"Organization","@id":"https:\/\/pagodetharsys.com\/tienda\/#organization","name":"Pago de Tharsys","url":"https:\/\/pagodetharsys.com\/tienda\/","logo":{"@type":"ImageObject","inLanguage":"es","@id":"https:\/\/pagodetharsys.com\/tienda\/#\/schema\/logo\/image\/","url":"https:\/\/pagodetharsys.com\/tienda\/wp-content\/uploads\/2025\/12\/logo-pagodetharsys-2025.svg","contentUrl":"https:\/\/pagodetharsys.com\/tienda\/wp-content\/uploads\/2025\/12\/logo-pagodetharsys-2025.svg","width":100,"height":100,"caption":"Pago de Tharsys"},"image":{"@id":"https:\/\/pagodetharsys.com\/tienda\/#\/schema\/logo\/image\/"},"sameAs":["https:\/\/www.facebook.com\/pagodetharsys\/","https:\/\/x.com\/pagodetharsys","https:\/\/www.instagram.com\/pagodetharsys\/"]}]}},"_links":{"self":[{"href":"https:\/\/pagodetharsys.com\/tienda\/wp-json\/wp\/v2\/product\/36952","targetHints":{"allow":["GET"]}}],"collection":[{"href":"https:\/\/pagodetharsys.com\/tienda\/wp-json\/wp\/v2\/product"}],"about":[{"href":"https:\/\/pagodetharsys.com\/tienda\/wp-json\/wp\/v2\/types\/product"}],"replies":[{"embeddable":true,"href":"https:\/\/pagodetharsys.com\/tienda\/wp-json\/wp\/v2\/comments?post=36952"}],"wp:featuredmedia":[{"embeddable":true,"href":"https:\/\/pagodetharsys.com\/tienda\/wp-json\/wp\/v2\/media\/511140"}],"wp:attachment":[{"href":"https:\/\/pagodetharsys.com\/tienda\/wp-json\/wp\/v2\/media?parent=36952"}],"wp:term":[{"taxonomy":"product_brand","embeddable":true,"href":"https:\/\/pagodetharsys.com\/tienda\/wp-json\/wp\/v2\/product_brand?post=36952"},{"taxonomy":"product_cat","embeddable":true,"href":"https:\/\/pagodetharsys.com\/tienda\/wp-json\/wp\/v2\/product_cat?post=36952"},{"taxonomy":"product_tag","embeddable":true,"href":"https:\/\/pagodetharsys.com\/tienda\/wp-json\/wp\/v2\/product_tag?post=36952"}],"curies":[{"name":"wp","href":"https:\/\/api.w.org\/{rel}","templated":true}]}}