{"id":37004,"date":"2016-10-14T09:42:28","date_gmt":"2016-10-14T07:42:28","guid":{"rendered":"https:\/\/pagodetharsys.com\/tienda\/productos\/carlota-suria-organic-brut-reserva\/"},"modified":"2026-03-12T13:15:36","modified_gmt":"2026-03-12T12:15:36","slug":"alegria-de-tharsys-reserva-2022-brut","status":"publish","type":"product","link":"https:\/\/pagodetharsys.com\/tienda\/productos\/alegria-de-tharsys-reserva-2022-brut\/","title":{"rendered":"PAGO DE THARSYS | ALEGR\u00cdA DE THARSYS RESERVA 2022 BRUT"},"content":{"rendered":"<h2 style=\"text-align: center;\">PAGO DE THARSYS | ALEGR\u00cdA DE THARSYS RESERVA 2022 BRUT<\/h2>\n<p>&nbsp;<\/p>\n<h3 style=\"text-align: left;\">El Vi\u00f1edo<\/h3>\n<p>Suelo calc\u00e1reo con capas profundas de arcilla que favorecen uvas peque\u00f1as, arom\u00e1ticas y con alta acidez, ideales para vinos elegantes.<\/p>\n<hr \/>\n<h3>A\u00f1ada 2022<\/h3>\n<p>Invierno fr\u00edo y seco, primavera lluviosa que gener\u00f3 reservas de agua y verano muy caluroso que redujo los rendimientos, dando uvas de gran calidad e intensidad arom\u00e1tica.<\/p>\n<hr \/>\n<h3 style=\"text-align: left;\">Elaboraci\u00f3n<\/h3>\n<ul>\n<li><strong>Vendimia: <\/strong>La vendimia se realiza de forma manual.<strong><br \/>\n<\/strong><\/li>\n<li><strong>Crianza: <\/strong>Crianza m\u00ednima de 18 meses en botella en cava subterr\u00e1nea, seguida de deg\u00fcelle y adici\u00f3n de licor de expedici\u00f3n procedente de la solera familiar.\u00a0<strong><br \/>\n<\/strong><\/li>\n<\/ul>\n<hr \/>\n<h3>Notas de Cata<\/h3>\n<p style=\"text-align: left;\"><strong>Vista:<\/strong> Color amarillo lim\u00f3n p\u00e1lido con burbuja fina, delicada y persistente.<\/p>\n<p><strong>Nariz:<\/strong> Aromas de c\u00edtricos y fruta amarilla madura, con delicadas notas de flores blancas y toques frescos vegetales.<\/p>\n<p><strong>Boca:<\/strong> Boca fresca y equilibrada, con burbuja fina y buen volumen. Final largo con notas de fruta, mantequilla y levadura.<\/p>\n<hr \/>\n<h3>Servicio y Maridaje<\/h3>\n<p><strong>Servicio:<\/strong> Servido entre 6\u00baC y 8\u00baC en copa de tama\u00f1o medio.<\/p>\n<p><strong>Maridaje:<\/strong> Ideal con platos especiados, ensaladas con fruta, pato laqueado y tambi\u00e9n con reposter\u00eda y dulces tradicionales.<\/p>\n<hr \/>\n<p>&nbsp;<\/p>\n<p><strong><em>Descubre m\u00e1s espumosos en nuestra <a href=\"https:\/\/pagodetharsys.com\/tienda\/categoria-producto\/vinos\/cavas\/\" target=\"_blank\" rel=\"noopener\">colecci\u00f3n de cavas<\/a> o <a href=\"https:\/\/pagodetharsys.com\/contacto\/\">cont\u00e1ctanos<\/a>.<\/em><\/strong><\/p>\n","protected":false},"excerpt":{"rendered":"<h3>\ud83c\udf77 <strong>Cava ecol\u00f3gico y vegano 100% Macabeo, con m\u00e1s de 18 meses de crianza en rima. Fresco, cremoso y elegante, con burbuja fina y final seco.<\/strong><\/h3>\n<p>&nbsp;<\/p>\n<p><strong>\ud83d\udd34Tipo:<\/strong> Vino espumoso blanco<\/p>\n<p><strong>\ud83c\udf47Variedades: <\/strong>Macabeo<\/p>\n<p><strong>\ud83c\udf77Grado Alcoh\u00f3lico:<\/strong> 12%<\/p>\n<p><strong>\ud83d\udccdDenominaci\u00f3n:<\/strong> DO Cava<\/p>\n<p><strong>\ud83d\udd70\ufe0fCrianza:<\/strong> Crianza en rima de m\u00e1s de 18 meses<\/p>\n<p><em>CERTIFICADO DE PRODUCTO ECOL\u00d3GICO EUROPEO Y<\/em><br \/>\n<em>CAECV CERTIFICADO PRODUCTO VEGANO<\/em><br \/>\n<em>(EUROPEAN VEGETARIAN UNION)<\/em><\/p>\n","protected":false},"featured_media":669053,"comment_status":"closed","ping_status":"closed","template":"","meta":{"inline_featured_image":false,"site-sidebar-layout":"default","site-content-layout":"","ast-site-content-layout":"default","site-content-style":"default","site-sidebar-style":"default","ast-global-header-display":"","ast-banner-title-visibility":"","ast-main-header-display":"","ast-hfb-above-header-display":"","ast-hfb-below-header-display":"","ast-hfb-mobile-header-display":"","site-post-title":"","ast-breadcrumbs-content":"","ast-featured-img":"","footer-sml-layout":"","ast-disable-related-posts":"","theme-transparent-header-meta":"default","adv-header-id-meta":"","stick-header-meta":"default","header-above-stick-meta":"","header-main-stick-meta":"","header-below-stick-meta":"","astra-migrate-meta-layouts":"set","ast-page-background-enabled":"default","ast-page-background-meta":{"desktop":{"background-color":"var(--ast-global-color-4)","background-image":"","background-repeat":"repeat","background-position":"center center","background-size":"auto","background-attachment":"scroll","background-type":"","background-media":"","overlay-type":"","overlay-color":"","overlay-opacity":"","overlay-gradient":""},"tablet":{"background-color":"","background-image":"","background-repeat":"repeat","background-position":"center center","background-size":"auto","background-attachment":"scroll","background-type":"","background-media":"","overlay-type":"","overlay-color":"","overlay-opacity":"","overlay-gradient":""},"mobile":{"background-color":"","background-image":"","background-repeat":"repeat","background-position":"center center","background-size":"auto","background-attachment":"scroll","background-type":"","background-media":"","overlay-type":"","overlay-color":"","overlay-opacity":"","overlay-gradient":""}},"ast-content-background-meta":{"desktop":{"background-color":"var(--ast-global-color-5)","background-image":"","background-repeat":"repeat","background-position":"center center","background-size":"auto","background-attachment":"scroll","background-type":"","background-media":"","overlay-type":"","overlay-color":"","overlay-opacity":"","overlay-gradient":""},"tablet":{"background-color":"var(--ast-global-color-5)","background-image":"","background-repeat":"repeat","background-position":"center center","background-size":"auto","background-attachment":"scroll","background-type":"","background-media":"","overlay-type":"","overlay-color":"","overlay-opacity":"","overlay-gradient":""},"mobile":{"background-color":"var(--ast-global-color-5)","background-image":"","background-repeat":"repeat","background-position":"center center","background-size":"auto","background-attachment":"scroll","background-type":"","background-media":"","overlay-type":"","overlay-color":"","overlay-opacity":"","overlay-gradient":""}}},"product_brand":[],"product_cat":[1714,1708],"product_tag":[],"class_list":{"0":"post-37004","1":"product","2":"type-product","3":"status-publish","4":"has-post-thumbnail","6":"product_cat-cavas","7":"product_cat-pago-de-tharsys","8":"desktop-align-left","9":"tablet-align-left","10":"mobile-align-left","11":"ast-product-gallery-layout-vertical-slider","12":"ast-magnify-disabled","13":"ast-product-tabs-layout-accordion","15":"first","16":"instock","17":"taxable","18":"shipping-taxable","19":"purchasable","20":"product-type-simple"},"yoast_head":"<!-- This site is optimized with the Yoast SEO plugin v27.2 - https:\/\/yoast.com\/product\/yoast-seo-wordpress\/ -->\n<title>Alegr\u00eda de Tharsys Reserva 2022 Brut | Pago de Tharsys<\/title>\n<meta name=\"description\" content=\"Cava ecol\u00f3gico y vegano elaborado con uva Macabeo y m\u00e1s de 18 meses de crianza en rima. Fresco, cremoso y elegante, con burbuja fina y final seco.\" \/>\n<meta name=\"robots\" content=\"index, follow, max-snippet:-1, max-image-preview:large, max-video-preview:-1\" \/>\n<link rel=\"canonical\" href=\"https:\/\/pagodetharsys.com\/tienda\/productos\/alegria-de-tharsys-reserva-2022-brut\/\" \/>\n<meta property=\"og:locale\" content=\"es_ES\" \/>\n<meta property=\"og:type\" content=\"article\" \/>\n<meta property=\"og:title\" content=\"Alegr\u00eda de Tharsys Reserva 2022 Brut | Pago de Tharsys\" \/>\n<meta property=\"og:description\" content=\"Cava ecol\u00f3gico y vegano elaborado con uva Macabeo y m\u00e1s de 18 meses de crianza en rima. Fresco, cremoso y elegante, con burbuja fina y final seco.\" \/>\n<meta property=\"og:url\" content=\"https:\/\/pagodetharsys.com\/tienda\/productos\/alegria-de-tharsys-reserva-2022-brut\/\" \/>\n<meta property=\"og:site_name\" content=\"Pago de Tharsys\" \/>\n<meta property=\"article:publisher\" content=\"https:\/\/www.facebook.com\/pagodetharsys\/\" \/>\n<meta property=\"article:modified_time\" content=\"2026-03-12T12:15:36+00:00\" \/>\n<meta property=\"og:image\" content=\"https:\/\/pagodetharsys.com\/tienda\/wp-content\/uploads\/2016\/10\/Cava_brut_reserva_mockup2.png\" \/>\n\t<meta property=\"og:image:width\" content=\"1500\" \/>\n\t<meta property=\"og:image:height\" content=\"1500\" \/>\n\t<meta property=\"og:image:type\" content=\"image\/png\" \/>\n<meta name=\"twitter:card\" content=\"summary_large_image\" \/>\n<meta name=\"twitter:site\" content=\"@pagodetharsys\" \/>\n<meta name=\"twitter:label1\" content=\"Tiempo de lectura\" \/>\n\t<meta name=\"twitter:data1\" content=\"2 minutos\" \/>\n<script type=\"application\/ld+json\" class=\"yoast-schema-graph\">{\"@context\":\"https:\/\/schema.org\",\"@graph\":[{\"@type\":\"WebPage\",\"@id\":\"https:\/\/pagodetharsys.com\/tienda\/productos\/alegria-de-tharsys-reserva-2022-brut\/\",\"url\":\"https:\/\/pagodetharsys.com\/tienda\/productos\/alegria-de-tharsys-reserva-2022-brut\/\",\"name\":\"Alegr\u00eda de Tharsys Reserva 2022 Brut | Pago de Tharsys\",\"isPartOf\":{\"@id\":\"https:\/\/pagodetharsys.com\/tienda\/#website\"},\"primaryImageOfPage\":{\"@id\":\"https:\/\/pagodetharsys.com\/tienda\/productos\/alegria-de-tharsys-reserva-2022-brut\/#primaryimage\"},\"image\":{\"@id\":\"https:\/\/pagodetharsys.com\/tienda\/productos\/alegria-de-tharsys-reserva-2022-brut\/#primaryimage\"},\"thumbnailUrl\":\"https:\/\/pagodetharsys.com\/tienda\/wp-content\/uploads\/2016\/10\/Cava_brut_reserva_mockup2.png\",\"datePublished\":\"2016-10-14T07:42:28+00:00\",\"dateModified\":\"2026-03-12T12:15:36+00:00\",\"description\":\"Cava ecol\u00f3gico y vegano elaborado con uva Macabeo y m\u00e1s de 18 meses de crianza en rima. Fresco, cremoso y elegante, con burbuja fina y final seco.\",\"breadcrumb\":{\"@id\":\"https:\/\/pagodetharsys.com\/tienda\/productos\/alegria-de-tharsys-reserva-2022-brut\/#breadcrumb\"},\"inLanguage\":\"es\",\"potentialAction\":[{\"@type\":\"ReadAction\",\"target\":[\"https:\/\/pagodetharsys.com\/tienda\/productos\/alegria-de-tharsys-reserva-2022-brut\/\"]}]},{\"@type\":\"ImageObject\",\"inLanguage\":\"es\",\"@id\":\"https:\/\/pagodetharsys.com\/tienda\/productos\/alegria-de-tharsys-reserva-2022-brut\/#primaryimage\",\"url\":\"https:\/\/pagodetharsys.com\/tienda\/wp-content\/uploads\/2016\/10\/Cava_brut_reserva_mockup2.png\",\"contentUrl\":\"https:\/\/pagodetharsys.com\/tienda\/wp-content\/uploads\/2016\/10\/Cava_brut_reserva_mockup2.png\",\"width\":1500,\"height\":1500},{\"@type\":\"BreadcrumbList\",\"@id\":\"https:\/\/pagodetharsys.com\/tienda\/productos\/alegria-de-tharsys-reserva-2022-brut\/#breadcrumb\",\"itemListElement\":[{\"@type\":\"ListItem\",\"position\":1,\"name\":\"Portada\",\"item\":\"https:\/\/pagodetharsys.com\/tienda\/\"},{\"@type\":\"ListItem\",\"position\":2,\"name\":\"Products\",\"item\":\"https:\/\/pagodetharsys.com\/tienda\/en\/\"},{\"@type\":\"ListItem\",\"position\":3,\"name\":\"PAGO DE THARSYS | ALEGR\u00cdA DE THARSYS RESERVA 2022 BRUT\"}]},{\"@type\":\"WebSite\",\"@id\":\"https:\/\/pagodetharsys.com\/tienda\/#website\",\"url\":\"https:\/\/pagodetharsys.com\/tienda\/\",\"name\":\"Pago de Tharsys\",\"description\":\"Una experiencia sensorial que llega m\u00e1s all\u00e1 de una copa de vino\",\"publisher\":{\"@id\":\"https:\/\/pagodetharsys.com\/tienda\/#organization\"},\"potentialAction\":[{\"@type\":\"SearchAction\",\"target\":{\"@type\":\"EntryPoint\",\"urlTemplate\":\"https:\/\/pagodetharsys.com\/tienda\/?s={search_term_string}\"},\"query-input\":{\"@type\":\"PropertyValueSpecification\",\"valueRequired\":true,\"valueName\":\"search_term_string\"}}],\"inLanguage\":\"es\"},{\"@type\":\"Organization\",\"@id\":\"https:\/\/pagodetharsys.com\/tienda\/#organization\",\"name\":\"Pago de Tharsys\",\"url\":\"https:\/\/pagodetharsys.com\/tienda\/\",\"logo\":{\"@type\":\"ImageObject\",\"inLanguage\":\"es\",\"@id\":\"https:\/\/pagodetharsys.com\/tienda\/#\/schema\/logo\/image\/\",\"url\":\"https:\/\/pagodetharsys.com\/tienda\/wp-content\/uploads\/2025\/12\/logo-pagodetharsys-2025.svg\",\"contentUrl\":\"https:\/\/pagodetharsys.com\/tienda\/wp-content\/uploads\/2025\/12\/logo-pagodetharsys-2025.svg\",\"width\":100,\"height\":100,\"caption\":\"Pago de Tharsys\"},\"image\":{\"@id\":\"https:\/\/pagodetharsys.com\/tienda\/#\/schema\/logo\/image\/\"},\"sameAs\":[\"https:\/\/www.facebook.com\/pagodetharsys\/\",\"https:\/\/x.com\/pagodetharsys\",\"https:\/\/www.instagram.com\/pagodetharsys\/\"]}]}<\/script>\n<!-- \/ Yoast SEO plugin. -->","yoast_head_json":{"title":"Alegr\u00eda de Tharsys Reserva 2022 Brut | Pago de Tharsys","description":"Cava ecol\u00f3gico y vegano elaborado con uva Macabeo y m\u00e1s de 18 meses de crianza en rima. Fresco, cremoso y elegante, con burbuja fina y final seco.","robots":{"index":"index","follow":"follow","max-snippet":"max-snippet:-1","max-image-preview":"max-image-preview:large","max-video-preview":"max-video-preview:-1"},"canonical":"https:\/\/pagodetharsys.com\/tienda\/productos\/alegria-de-tharsys-reserva-2022-brut\/","og_locale":"es_ES","og_type":"article","og_title":"Alegr\u00eda de Tharsys Reserva 2022 Brut | Pago de Tharsys","og_description":"Cava ecol\u00f3gico y vegano elaborado con uva Macabeo y m\u00e1s de 18 meses de crianza en rima. Fresco, cremoso y elegante, con burbuja fina y final seco.","og_url":"https:\/\/pagodetharsys.com\/tienda\/productos\/alegria-de-tharsys-reserva-2022-brut\/","og_site_name":"Pago de Tharsys","article_publisher":"https:\/\/www.facebook.com\/pagodetharsys\/","article_modified_time":"2026-03-12T12:15:36+00:00","og_image":[{"width":1500,"height":1500,"url":"https:\/\/pagodetharsys.com\/tienda\/wp-content\/uploads\/2016\/10\/Cava_brut_reserva_mockup2.png","type":"image\/png"}],"twitter_card":"summary_large_image","twitter_site":"@pagodetharsys","twitter_misc":{"Tiempo de lectura":"2 minutos"},"schema":{"@context":"https:\/\/schema.org","@graph":[{"@type":"WebPage","@id":"https:\/\/pagodetharsys.com\/tienda\/productos\/alegria-de-tharsys-reserva-2022-brut\/","url":"https:\/\/pagodetharsys.com\/tienda\/productos\/alegria-de-tharsys-reserva-2022-brut\/","name":"Alegr\u00eda de Tharsys Reserva 2022 Brut | Pago de Tharsys","isPartOf":{"@id":"https:\/\/pagodetharsys.com\/tienda\/#website"},"primaryImageOfPage":{"@id":"https:\/\/pagodetharsys.com\/tienda\/productos\/alegria-de-tharsys-reserva-2022-brut\/#primaryimage"},"image":{"@id":"https:\/\/pagodetharsys.com\/tienda\/productos\/alegria-de-tharsys-reserva-2022-brut\/#primaryimage"},"thumbnailUrl":"https:\/\/pagodetharsys.com\/tienda\/wp-content\/uploads\/2016\/10\/Cava_brut_reserva_mockup2.png","datePublished":"2016-10-14T07:42:28+00:00","dateModified":"2026-03-12T12:15:36+00:00","description":"Cava ecol\u00f3gico y vegano elaborado con uva Macabeo y m\u00e1s de 18 meses de crianza en rima. Fresco, cremoso y elegante, con burbuja fina y final seco.","breadcrumb":{"@id":"https:\/\/pagodetharsys.com\/tienda\/productos\/alegria-de-tharsys-reserva-2022-brut\/#breadcrumb"},"inLanguage":"es","potentialAction":[{"@type":"ReadAction","target":["https:\/\/pagodetharsys.com\/tienda\/productos\/alegria-de-tharsys-reserva-2022-brut\/"]}]},{"@type":"ImageObject","inLanguage":"es","@id":"https:\/\/pagodetharsys.com\/tienda\/productos\/alegria-de-tharsys-reserva-2022-brut\/#primaryimage","url":"https:\/\/pagodetharsys.com\/tienda\/wp-content\/uploads\/2016\/10\/Cava_brut_reserva_mockup2.png","contentUrl":"https:\/\/pagodetharsys.com\/tienda\/wp-content\/uploads\/2016\/10\/Cava_brut_reserva_mockup2.png","width":1500,"height":1500},{"@type":"BreadcrumbList","@id":"https:\/\/pagodetharsys.com\/tienda\/productos\/alegria-de-tharsys-reserva-2022-brut\/#breadcrumb","itemListElement":[{"@type":"ListItem","position":1,"name":"Portada","item":"https:\/\/pagodetharsys.com\/tienda\/"},{"@type":"ListItem","position":2,"name":"Products","item":"https:\/\/pagodetharsys.com\/tienda\/en\/"},{"@type":"ListItem","position":3,"name":"PAGO DE THARSYS | ALEGR\u00cdA DE THARSYS RESERVA 2022 BRUT"}]},{"@type":"WebSite","@id":"https:\/\/pagodetharsys.com\/tienda\/#website","url":"https:\/\/pagodetharsys.com\/tienda\/","name":"Pago de Tharsys","description":"Una experiencia sensorial que llega m\u00e1s all\u00e1 de una copa de vino","publisher":{"@id":"https:\/\/pagodetharsys.com\/tienda\/#organization"},"potentialAction":[{"@type":"SearchAction","target":{"@type":"EntryPoint","urlTemplate":"https:\/\/pagodetharsys.com\/tienda\/?s={search_term_string}"},"query-input":{"@type":"PropertyValueSpecification","valueRequired":true,"valueName":"search_term_string"}}],"inLanguage":"es"},{"@type":"Organization","@id":"https:\/\/pagodetharsys.com\/tienda\/#organization","name":"Pago de Tharsys","url":"https:\/\/pagodetharsys.com\/tienda\/","logo":{"@type":"ImageObject","inLanguage":"es","@id":"https:\/\/pagodetharsys.com\/tienda\/#\/schema\/logo\/image\/","url":"https:\/\/pagodetharsys.com\/tienda\/wp-content\/uploads\/2025\/12\/logo-pagodetharsys-2025.svg","contentUrl":"https:\/\/pagodetharsys.com\/tienda\/wp-content\/uploads\/2025\/12\/logo-pagodetharsys-2025.svg","width":100,"height":100,"caption":"Pago de Tharsys"},"image":{"@id":"https:\/\/pagodetharsys.com\/tienda\/#\/schema\/logo\/image\/"},"sameAs":["https:\/\/www.facebook.com\/pagodetharsys\/","https:\/\/x.com\/pagodetharsys","https:\/\/www.instagram.com\/pagodetharsys\/"]}]}},"_links":{"self":[{"href":"https:\/\/pagodetharsys.com\/tienda\/wp-json\/wp\/v2\/product\/37004","targetHints":{"allow":["GET"]}}],"collection":[{"href":"https:\/\/pagodetharsys.com\/tienda\/wp-json\/wp\/v2\/product"}],"about":[{"href":"https:\/\/pagodetharsys.com\/tienda\/wp-json\/wp\/v2\/types\/product"}],"replies":[{"embeddable":true,"href":"https:\/\/pagodetharsys.com\/tienda\/wp-json\/wp\/v2\/comments?post=37004"}],"wp:featuredmedia":[{"embeddable":true,"href":"https:\/\/pagodetharsys.com\/tienda\/wp-json\/wp\/v2\/media\/669053"}],"wp:attachment":[{"href":"https:\/\/pagodetharsys.com\/tienda\/wp-json\/wp\/v2\/media?parent=37004"}],"wp:term":[{"taxonomy":"product_brand","embeddable":true,"href":"https:\/\/pagodetharsys.com\/tienda\/wp-json\/wp\/v2\/product_brand?post=37004"},{"taxonomy":"product_cat","embeddable":true,"href":"https:\/\/pagodetharsys.com\/tienda\/wp-json\/wp\/v2\/product_cat?post=37004"},{"taxonomy":"product_tag","embeddable":true,"href":"https:\/\/pagodetharsys.com\/tienda\/wp-json\/wp\/v2\/product_tag?post=37004"}],"curies":[{"name":"wp","href":"https:\/\/api.w.org\/{rel}","templated":true}]}}