{"id":37036,"date":"2019-03-18T12:27:38","date_gmt":"2019-03-18T11:27:38","guid":{"rendered":"https:\/\/pagodetharsys.com\/tienda\/productos\/pago-de-tharsys-vendimia-nocturna-garnacha\/"},"modified":"2026-04-02T09:31:13","modified_gmt":"2026-04-02T07:31:13","slug":"vendimia-nocturna-rosado-2025","status":"publish","type":"product","link":"https:\/\/pagodetharsys.com\/tienda\/productos\/vendimia-nocturna-rosado-2025\/","title":{"rendered":"PAGO DE THARSYS VENDIMIA NOCTURNA ROSADO FB 2025"},"content":{"rendered":"<h2 style=\"text-align: center;\" data-start=\"178\" data-end=\"243\">PAGO DE THARSYS | VENDIMIA NOCTURNA ROSADO FB 2025<\/h2>\n<p>&nbsp;<\/p>\n<h3 style=\"text-align: left;\">El Vi\u00f1edo<\/h3>\n<p data-start=\"695\" data-end=\"846\">En la zona sur de nuestro pago se encuentra la parcela de garnacha (0&#8217;7 ha), dominada por suelo calizo debido a la roca madre caliza y porosa llamada \u00abToba\u00bb. A esta parcela se le conoce por el nombre de Albar por su tierra albariza, de color blanco. Es un suelo ideal para elaborar rosados equilibrados, pues es pobre en nutrientes pero en capas bajas permite acumular humedad para pasar los meses m\u00e1s secos del a\u00f1o, dando lugar a uvas peque\u00f1as y muy arom\u00e1ticas.<\/p>\n<hr \/>\n<h3 style=\"text-align: left;\">A\u00f1ada 2025<\/h3>\n<p data-start=\"520\" data-end=\"623\">La a\u00f1ada 2025 combin\u00f3 un invierno suave y una primavera adelantada con un verano muy seco y caluroso. La menor producci\u00f3n dio lugar a uvas excepcionalmente sanas y concentradas, reflejando intensidad y calidad en el vino.<\/p>\n<hr \/>\n<h3 style=\"text-align: left;\">Elaboraci\u00f3n<\/h3>\n<p>Elaborado siguiendo el m\u00e9todo tradicional, con maceraci\u00f3n en fr\u00edo para extraer el mosto flor. Fermenta parcialmente en dep\u00f3sito de inox y finaliza en barricas de roble franc\u00e9s, con crianza sobre l\u00edas durante 6 meses en barricas de roble franc\u00e9s (25% nuevas).<\/p>\n<hr \/>\n<h3>Notas de Cata<\/h3>\n<p style=\"text-align: left;\"><strong>Vista:<\/strong> Color rosa p\u00e1lido, brillante y claro.<\/p>\n<p><strong>Nariz:<\/strong> Flor de cerezo y frutas de hueso frescas, con notas de pomelo rosa y cereza, sobre un elegante fondo mineral y sutiles matices bals\u00e1micos.<\/p>\n<p><strong>Boca:<\/strong> Fresco, equilibrado y voluminoso, con frutas rojas y cerezas frescas. Final largo y envolvente, con suaves notas l\u00e1cteas y delicado toque de macadamia tostada.<\/p>\n<hr \/>\n<h3>Servicio y Maridaje<\/h3>\n<p><strong>Servicio:<\/strong> Servido en copa de tama\u00f1o medio entre 6\u00baC y 8\u00baC.<\/p>\n<p><strong>Maridaje:<\/strong> Ideal para acompa\u00f1ar platos marisco, caldereta de langosta y arroces de marisco. Ser\u00e1 el contrapuesto fresco y arom\u00e1tico de platos de carne blanca elaborados al horno.<\/p>\n<hr \/>\n<p style=\"text-align: left;\"><strong><em>\u00bfTienes dudas o quieres saber m\u00e1s? <a href=\"https:\/\/pagodetharsys.com\/contacto\/\">Cont\u00e1ctanos<\/a> o <a href=\"https:\/\/pagodetharsys.com\/tienda\/categoria-producto\/visitas\/\">visita nuestra bodega<\/a>.<\/em><\/strong><\/p>\n","protected":false},"excerpt":{"rendered":"<h3>\ud83c\udf77 <strong>Rosado ecol\u00f3gico de Garnacha vendimiada de noche, fermentado y criado en barrica de roble franc\u00e9s con sutiles aromas de frutas de hueso, hierbas frescas y un final untuoso y persistente. Elegante, fresco y gastron\u00f3mico.<\/strong><\/h3>\n<p>&nbsp;<\/p>\n<p data-start=\"50\" data-end=\"81\">\ud83d\udd34 <strong data-start=\"357\" data-end=\"366\">Tipo:<\/strong> Vino rosado<\/p>\n<p data-start=\"50\" data-end=\"81\">\ud83c\udf47 <strong data-start=\"383\" data-end=\"396\">Variedad:<\/strong> Garnacha<\/p>\n<p data-start=\"83\" data-end=\"104\"><strong data-start=\"86\" data-end=\"95\">\ud83d\udcc5 A\u00f1ada:\u00a0<\/strong>2025<\/p>\n<p data-start=\"83\" data-end=\"104\"><strong>\ud83c\udf77 Grado Alcoh\u00f3lico:<\/strong> 12&#8217;5%<\/p>\n<p data-start=\"106\" data-end=\"165\"><strong data-start=\"109\" data-end=\"125\">\ud83d\udccd Denominaci\u00f3n: <\/strong>DOP Tharsys<\/p>\n<p data-start=\"167\" data-end=\"295\">\ud83d\udd70\ufe0f <strong>Crianza<\/strong>: Fermentado en barrica y 6 mes de crianza en barrica de roble franc\u00e9s con sus l\u00edas.<\/p>\n<p data-start=\"167\" data-end=\"295\">CERTIFICADO OFICIAL UE DE VINO ECOL\u00d3GICO<\/p>\n","protected":false},"featured_media":679942,"comment_status":"closed","ping_status":"closed","template":"","meta":{"inline_featured_image":false,"site-sidebar-layout":"default","site-content-layout":"","ast-site-content-layout":"default","site-content-style":"default","site-sidebar-style":"default","ast-global-header-display":"","ast-banner-title-visibility":"","ast-main-header-display":"","ast-hfb-above-header-display":"","ast-hfb-below-header-display":"","ast-hfb-mobile-header-display":"","site-post-title":"","ast-breadcrumbs-content":"","ast-featured-img":"","footer-sml-layout":"","ast-disable-related-posts":"","theme-transparent-header-meta":"default","adv-header-id-meta":"","stick-header-meta":"default","header-above-stick-meta":"","header-main-stick-meta":"","header-below-stick-meta":"","astra-migrate-meta-layouts":"set","ast-page-background-enabled":"default","ast-page-background-meta":{"desktop":{"background-color":"var(--ast-global-color-4)","background-image":"","background-repeat":"repeat","background-position":"center center","background-size":"auto","background-attachment":"scroll","background-type":"","background-media":"","overlay-type":"","overlay-color":"","overlay-opacity":"","overlay-gradient":""},"tablet":{"background-color":"","background-image":"","background-repeat":"repeat","background-position":"center center","background-size":"auto","background-attachment":"scroll","background-type":"","background-media":"","overlay-type":"","overlay-color":"","overlay-opacity":"","overlay-gradient":""},"mobile":{"background-color":"","background-image":"","background-repeat":"repeat","background-position":"center center","background-size":"auto","background-attachment":"scroll","background-type":"","background-media":"","overlay-type":"","overlay-color":"","overlay-opacity":"","overlay-gradient":""}},"ast-content-background-meta":{"desktop":{"background-color":"var(--ast-global-color-5)","background-image":"","background-repeat":"repeat","background-position":"center center","background-size":"auto","background-attachment":"scroll","background-type":"","background-media":"","overlay-type":"","overlay-color":"","overlay-opacity":"","overlay-gradient":""},"tablet":{"background-color":"var(--ast-global-color-5)","background-image":"","background-repeat":"repeat","background-position":"center center","background-size":"auto","background-attachment":"scroll","background-type":"","background-media":"","overlay-type":"","overlay-color":"","overlay-opacity":"","overlay-gradient":""},"mobile":{"background-color":"var(--ast-global-color-5)","background-image":"","background-repeat":"repeat","background-position":"center center","background-size":"auto","background-attachment":"scroll","background-type":"","background-media":"","overlay-type":"","overlay-color":"","overlay-opacity":"","overlay-gradient":""}}},"product_brand":[],"product_cat":[1708,1987,1722],"product_tag":[1928,1865,1925,1927,1856,1929,1926,1886,1860],"class_list":{"0":"post-37036","1":"product","2":"type-product","3":"status-publish","4":"has-post-thumbnail","6":"product_cat-pago-de-tharsys","7":"product_cat-vinos-ecologicos","8":"product_cat-vinos-rosados","9":"product_tag-do-pago-de-tharsys","10":"product_tag-ecologico","11":"product_tag-fermentado-barrica","12":"product_tag-garnacha","13":"product_tag-pago-de-tharsys","14":"product_tag-requena","15":"product_tag-roble-frances","16":"product_tag-rosado","17":"product_tag-vendimia-nocturna","18":"desktop-align-left","19":"tablet-align-left","20":"mobile-align-left","21":"ast-product-gallery-layout-vertical-slider","22":"ast-magnify-disabled","23":"ast-product-tabs-layout-accordion","25":"first","26":"instock","27":"featured","28":"taxable","29":"shipping-taxable","30":"purchasable","31":"product-type-simple"},"yoast_head":"<!-- This site is optimized with the Yoast SEO plugin v27.2 - https:\/\/yoast.com\/product\/yoast-seo-wordpress\/ -->\n<title>Vendimia Nocturna Rosado Garnacha FB 2025 | Pago de Tharsys<\/title>\n<meta name=\"description\" content=\"Pago de Tharsys | Vendimia Nocturna Rosado Garnacha Fermentado en barrica 2025 es un vino rosado ecol\u00f3gico con crianza sobre l\u00edas. Frescura, equilibrio.\" \/>\n<meta name=\"robots\" content=\"index, follow, max-snippet:-1, max-image-preview:large, max-video-preview:-1\" \/>\n<link rel=\"canonical\" href=\"https:\/\/pagodetharsys.com\/tienda\/productos\/vendimia-nocturna-rosado-2025\/\" \/>\n<meta property=\"og:locale\" content=\"es_ES\" \/>\n<meta property=\"og:type\" content=\"article\" \/>\n<meta property=\"og:title\" content=\"Vendimia Nocturna Rosado Garnacha FB 2025 | Pago de Tharsys\" \/>\n<meta property=\"og:description\" content=\"Pago de Tharsys | Vendimia Nocturna Rosado Garnacha Fermentado en barrica 2025 es un vino rosado ecol\u00f3gico con crianza sobre l\u00edas. Frescura, equilibrio.\" \/>\n<meta property=\"og:url\" content=\"https:\/\/pagodetharsys.com\/tienda\/productos\/vendimia-nocturna-rosado-2025\/\" \/>\n<meta property=\"og:site_name\" content=\"Pago de Tharsys\" \/>\n<meta property=\"article:publisher\" content=\"https:\/\/www.facebook.com\/pagodetharsys\/\" \/>\n<meta property=\"article:modified_time\" content=\"2026-04-02T07:31:13+00:00\" \/>\n<meta property=\"og:image\" content=\"https:\/\/pagodetharsys.com\/tienda\/wp-content\/uploads\/2019\/03\/VNGarnacha2025_MockUp.png\" \/>\n\t<meta property=\"og:image:width\" content=\"1653\" \/>\n\t<meta property=\"og:image:height\" content=\"2560\" \/>\n\t<meta property=\"og:image:type\" content=\"image\/png\" \/>\n<meta name=\"twitter:card\" content=\"summary_large_image\" \/>\n<meta name=\"twitter:site\" content=\"@pagodetharsys\" \/>\n<meta name=\"twitter:label1\" content=\"Tiempo de lectura\" \/>\n\t<meta name=\"twitter:data1\" content=\"2 minutos\" \/>\n<script type=\"application\/ld+json\" class=\"yoast-schema-graph\">{\"@context\":\"https:\/\/schema.org\",\"@graph\":[{\"@type\":\"WebPage\",\"@id\":\"https:\/\/pagodetharsys.com\/tienda\/productos\/vendimia-nocturna-rosado-2025\/\",\"url\":\"https:\/\/pagodetharsys.com\/tienda\/productos\/vendimia-nocturna-rosado-2025\/\",\"name\":\"Vendimia Nocturna Rosado Garnacha FB 2025 | Pago de Tharsys\",\"isPartOf\":{\"@id\":\"https:\/\/pagodetharsys.com\/tienda\/#website\"},\"primaryImageOfPage\":{\"@id\":\"https:\/\/pagodetharsys.com\/tienda\/productos\/vendimia-nocturna-rosado-2025\/#primaryimage\"},\"image\":{\"@id\":\"https:\/\/pagodetharsys.com\/tienda\/productos\/vendimia-nocturna-rosado-2025\/#primaryimage\"},\"thumbnailUrl\":\"https:\/\/pagodetharsys.com\/tienda\/wp-content\/uploads\/2019\/03\/VNGarnacha2025_MockUp.png\",\"datePublished\":\"2019-03-18T11:27:38+00:00\",\"dateModified\":\"2026-04-02T07:31:13+00:00\",\"description\":\"Pago de Tharsys | Vendimia Nocturna Rosado Garnacha Fermentado en barrica 2025 es un vino rosado ecol\u00f3gico con crianza sobre l\u00edas. Frescura, equilibrio.\",\"breadcrumb\":{\"@id\":\"https:\/\/pagodetharsys.com\/tienda\/productos\/vendimia-nocturna-rosado-2025\/#breadcrumb\"},\"inLanguage\":\"es\",\"potentialAction\":[{\"@type\":\"ReadAction\",\"target\":[\"https:\/\/pagodetharsys.com\/tienda\/productos\/vendimia-nocturna-rosado-2025\/\"]}]},{\"@type\":\"ImageObject\",\"inLanguage\":\"es\",\"@id\":\"https:\/\/pagodetharsys.com\/tienda\/productos\/vendimia-nocturna-rosado-2025\/#primaryimage\",\"url\":\"https:\/\/pagodetharsys.com\/tienda\/wp-content\/uploads\/2019\/03\/VNGarnacha2025_MockUp.png\",\"contentUrl\":\"https:\/\/pagodetharsys.com\/tienda\/wp-content\/uploads\/2019\/03\/VNGarnacha2025_MockUp.png\",\"width\":1653,\"height\":2560},{\"@type\":\"BreadcrumbList\",\"@id\":\"https:\/\/pagodetharsys.com\/tienda\/productos\/vendimia-nocturna-rosado-2025\/#breadcrumb\",\"itemListElement\":[{\"@type\":\"ListItem\",\"position\":1,\"name\":\"Portada\",\"item\":\"https:\/\/pagodetharsys.com\/tienda\/\"},{\"@type\":\"ListItem\",\"position\":2,\"name\":\"Products\",\"item\":\"https:\/\/pagodetharsys.com\/tienda\/en\/\"},{\"@type\":\"ListItem\",\"position\":3,\"name\":\"PAGO DE THARSYS VENDIMIA NOCTURNA ROSADO FB 2025\"}]},{\"@type\":\"WebSite\",\"@id\":\"https:\/\/pagodetharsys.com\/tienda\/#website\",\"url\":\"https:\/\/pagodetharsys.com\/tienda\/\",\"name\":\"Pago de Tharsys\",\"description\":\"Una experiencia sensorial que llega m\u00e1s all\u00e1 de una copa de vino\",\"publisher\":{\"@id\":\"https:\/\/pagodetharsys.com\/tienda\/#organization\"},\"potentialAction\":[{\"@type\":\"SearchAction\",\"target\":{\"@type\":\"EntryPoint\",\"urlTemplate\":\"https:\/\/pagodetharsys.com\/tienda\/?s={search_term_string}\"},\"query-input\":{\"@type\":\"PropertyValueSpecification\",\"valueRequired\":true,\"valueName\":\"search_term_string\"}}],\"inLanguage\":\"es\"},{\"@type\":\"Organization\",\"@id\":\"https:\/\/pagodetharsys.com\/tienda\/#organization\",\"name\":\"Pago de Tharsys\",\"url\":\"https:\/\/pagodetharsys.com\/tienda\/\",\"logo\":{\"@type\":\"ImageObject\",\"inLanguage\":\"es\",\"@id\":\"https:\/\/pagodetharsys.com\/tienda\/#\/schema\/logo\/image\/\",\"url\":\"https:\/\/pagodetharsys.com\/tienda\/wp-content\/uploads\/2025\/12\/logo-pagodetharsys-2025.svg\",\"contentUrl\":\"https:\/\/pagodetharsys.com\/tienda\/wp-content\/uploads\/2025\/12\/logo-pagodetharsys-2025.svg\",\"width\":100,\"height\":100,\"caption\":\"Pago de Tharsys\"},\"image\":{\"@id\":\"https:\/\/pagodetharsys.com\/tienda\/#\/schema\/logo\/image\/\"},\"sameAs\":[\"https:\/\/www.facebook.com\/pagodetharsys\/\",\"https:\/\/x.com\/pagodetharsys\",\"https:\/\/www.instagram.com\/pagodetharsys\/\"]}]}<\/script>\n<!-- \/ Yoast SEO plugin. -->","yoast_head_json":{"title":"Vendimia Nocturna Rosado Garnacha FB 2025 | Pago de Tharsys","description":"Pago de Tharsys | Vendimia Nocturna Rosado Garnacha Fermentado en barrica 2025 es un vino rosado ecol\u00f3gico con crianza sobre l\u00edas. Frescura, equilibrio.","robots":{"index":"index","follow":"follow","max-snippet":"max-snippet:-1","max-image-preview":"max-image-preview:large","max-video-preview":"max-video-preview:-1"},"canonical":"https:\/\/pagodetharsys.com\/tienda\/productos\/vendimia-nocturna-rosado-2025\/","og_locale":"es_ES","og_type":"article","og_title":"Vendimia Nocturna Rosado Garnacha FB 2025 | Pago de Tharsys","og_description":"Pago de Tharsys | Vendimia Nocturna Rosado Garnacha Fermentado en barrica 2025 es un vino rosado ecol\u00f3gico con crianza sobre l\u00edas. Frescura, equilibrio.","og_url":"https:\/\/pagodetharsys.com\/tienda\/productos\/vendimia-nocturna-rosado-2025\/","og_site_name":"Pago de Tharsys","article_publisher":"https:\/\/www.facebook.com\/pagodetharsys\/","article_modified_time":"2026-04-02T07:31:13+00:00","og_image":[{"width":1653,"height":2560,"url":"https:\/\/pagodetharsys.com\/tienda\/wp-content\/uploads\/2019\/03\/VNGarnacha2025_MockUp.png","type":"image\/png"}],"twitter_card":"summary_large_image","twitter_site":"@pagodetharsys","twitter_misc":{"Tiempo de lectura":"2 minutos"},"schema":{"@context":"https:\/\/schema.org","@graph":[{"@type":"WebPage","@id":"https:\/\/pagodetharsys.com\/tienda\/productos\/vendimia-nocturna-rosado-2025\/","url":"https:\/\/pagodetharsys.com\/tienda\/productos\/vendimia-nocturna-rosado-2025\/","name":"Vendimia Nocturna Rosado Garnacha FB 2025 | Pago de Tharsys","isPartOf":{"@id":"https:\/\/pagodetharsys.com\/tienda\/#website"},"primaryImageOfPage":{"@id":"https:\/\/pagodetharsys.com\/tienda\/productos\/vendimia-nocturna-rosado-2025\/#primaryimage"},"image":{"@id":"https:\/\/pagodetharsys.com\/tienda\/productos\/vendimia-nocturna-rosado-2025\/#primaryimage"},"thumbnailUrl":"https:\/\/pagodetharsys.com\/tienda\/wp-content\/uploads\/2019\/03\/VNGarnacha2025_MockUp.png","datePublished":"2019-03-18T11:27:38+00:00","dateModified":"2026-04-02T07:31:13+00:00","description":"Pago de Tharsys | Vendimia Nocturna Rosado Garnacha Fermentado en barrica 2025 es un vino rosado ecol\u00f3gico con crianza sobre l\u00edas. Frescura, equilibrio.","breadcrumb":{"@id":"https:\/\/pagodetharsys.com\/tienda\/productos\/vendimia-nocturna-rosado-2025\/#breadcrumb"},"inLanguage":"es","potentialAction":[{"@type":"ReadAction","target":["https:\/\/pagodetharsys.com\/tienda\/productos\/vendimia-nocturna-rosado-2025\/"]}]},{"@type":"ImageObject","inLanguage":"es","@id":"https:\/\/pagodetharsys.com\/tienda\/productos\/vendimia-nocturna-rosado-2025\/#primaryimage","url":"https:\/\/pagodetharsys.com\/tienda\/wp-content\/uploads\/2019\/03\/VNGarnacha2025_MockUp.png","contentUrl":"https:\/\/pagodetharsys.com\/tienda\/wp-content\/uploads\/2019\/03\/VNGarnacha2025_MockUp.png","width":1653,"height":2560},{"@type":"BreadcrumbList","@id":"https:\/\/pagodetharsys.com\/tienda\/productos\/vendimia-nocturna-rosado-2025\/#breadcrumb","itemListElement":[{"@type":"ListItem","position":1,"name":"Portada","item":"https:\/\/pagodetharsys.com\/tienda\/"},{"@type":"ListItem","position":2,"name":"Products","item":"https:\/\/pagodetharsys.com\/tienda\/en\/"},{"@type":"ListItem","position":3,"name":"PAGO DE THARSYS VENDIMIA NOCTURNA ROSADO FB 2025"}]},{"@type":"WebSite","@id":"https:\/\/pagodetharsys.com\/tienda\/#website","url":"https:\/\/pagodetharsys.com\/tienda\/","name":"Pago de Tharsys","description":"Una experiencia sensorial que llega m\u00e1s all\u00e1 de una copa de vino","publisher":{"@id":"https:\/\/pagodetharsys.com\/tienda\/#organization"},"potentialAction":[{"@type":"SearchAction","target":{"@type":"EntryPoint","urlTemplate":"https:\/\/pagodetharsys.com\/tienda\/?s={search_term_string}"},"query-input":{"@type":"PropertyValueSpecification","valueRequired":true,"valueName":"search_term_string"}}],"inLanguage":"es"},{"@type":"Organization","@id":"https:\/\/pagodetharsys.com\/tienda\/#organization","name":"Pago de Tharsys","url":"https:\/\/pagodetharsys.com\/tienda\/","logo":{"@type":"ImageObject","inLanguage":"es","@id":"https:\/\/pagodetharsys.com\/tienda\/#\/schema\/logo\/image\/","url":"https:\/\/pagodetharsys.com\/tienda\/wp-content\/uploads\/2025\/12\/logo-pagodetharsys-2025.svg","contentUrl":"https:\/\/pagodetharsys.com\/tienda\/wp-content\/uploads\/2025\/12\/logo-pagodetharsys-2025.svg","width":100,"height":100,"caption":"Pago de Tharsys"},"image":{"@id":"https:\/\/pagodetharsys.com\/tienda\/#\/schema\/logo\/image\/"},"sameAs":["https:\/\/www.facebook.com\/pagodetharsys\/","https:\/\/x.com\/pagodetharsys","https:\/\/www.instagram.com\/pagodetharsys\/"]}]}},"_links":{"self":[{"href":"https:\/\/pagodetharsys.com\/tienda\/wp-json\/wp\/v2\/product\/37036","targetHints":{"allow":["GET"]}}],"collection":[{"href":"https:\/\/pagodetharsys.com\/tienda\/wp-json\/wp\/v2\/product"}],"about":[{"href":"https:\/\/pagodetharsys.com\/tienda\/wp-json\/wp\/v2\/types\/product"}],"replies":[{"embeddable":true,"href":"https:\/\/pagodetharsys.com\/tienda\/wp-json\/wp\/v2\/comments?post=37036"}],"wp:featuredmedia":[{"embeddable":true,"href":"https:\/\/pagodetharsys.com\/tienda\/wp-json\/wp\/v2\/media\/679942"}],"wp:attachment":[{"href":"https:\/\/pagodetharsys.com\/tienda\/wp-json\/wp\/v2\/media?parent=37036"}],"wp:term":[{"taxonomy":"product_brand","embeddable":true,"href":"https:\/\/pagodetharsys.com\/tienda\/wp-json\/wp\/v2\/product_brand?post=37036"},{"taxonomy":"product_cat","embeddable":true,"href":"https:\/\/pagodetharsys.com\/tienda\/wp-json\/wp\/v2\/product_cat?post=37036"},{"taxonomy":"product_tag","embeddable":true,"href":"https:\/\/pagodetharsys.com\/tienda\/wp-json\/wp\/v2\/product_tag?post=37036"}],"curies":[{"name":"wp","href":"https:\/\/api.w.org\/{rel}","templated":true}]}}