{"id":658268,"date":"2024-01-19T10:32:59","date_gmt":"2024-01-19T09:32:59","guid":{"rendered":"https:\/\/pagodetharsys.com\/tienda\/products\/pago-de-tharsys-brut-nature-gran-reserva-ceramica-copy\/"},"modified":"2026-03-12T13:00:19","modified_gmt":"2026-03-12T12:00:19","slug":"cava-ecologico-brut-nature-gran-reserva","status":"publish","type":"product","link":"https:\/\/pagodetharsys.com\/tienda\/productos\/cava-ecologico-brut-nature-gran-reserva\/","title":{"rendered":"PAGO DE THARSYS | CER\u00c1MICA BRUT NATURE GRAN RESERVA 2019"},"content":{"rendered":"<h2 style=\"text-align: center;\">PAGO DE THARSYS | CER\u00c1MICA BRUT NATURE GRAN RESERVA 2019<\/h2>\n<p>&nbsp;<\/p>\n<h3 style=\"text-align: left;\">El Vi\u00f1edo<\/h3>\n<p>Predominan los suelos calizos con algunas capas de arcilla en profundidad y una roca caliza porosa llamada toba a unos 2 metros. Este tipo de suelo limita los nutrientes pero retiene humedad en \u00e9pocas secas, dando lugar a uvas peque\u00f1as, muy arom\u00e1ticas y con alta acidez, ideales para elaborar vinos elegantes y de gran calidad.<\/p>\n<hr \/>\n<h3 style=\"text-align: left;\">A\u00f1ada 2019<\/h3>\n<p>El 2019 comenz\u00f3 con buenas reservas de agua por las lluvias de invierno. La brotaci\u00f3n se retras\u00f3 hasta finales de mayo por las bajas temperaturas de primavera. El verano fue muy caluroso y algunas tormentas con granizo redujeron la producci\u00f3n un 10%. La vendimia lleg\u00f3 con lluvias intensas, pero el buen trabajo en el vi\u00f1edo permiti\u00f3 recolectar uvas sanas aunque escasas. El Chardonnay se vendimi\u00f3 el 10 de septiembre, dando una a\u00f1ada longeva y de gran evoluci\u00f3n.<\/p>\n<hr \/>\n<h3 style=\"text-align: left;\">Elaboraci\u00f3n<\/h3>\n<p>Elaborado siguiendo el m\u00e9todo tradicional, con vendimia y selecci\u00f3n manual de uvas. Realiza una crianza m\u00ednima de 60 meses en cava subterr\u00e1nea y se elabora como Brut Nature \u201c0 dosage\u201d para expresar el car\u00e1cter del Chardonnay ecol\u00f3gico del pago. El removido, deg\u00fcelle, etiquetado y encajado se realizan manualmente.<\/p>\n<div class=\"flex flex-col text-sm pb-25\"><\/div>\n<hr \/>\n<h3>Notas de Cata<\/h3>\n<p style=\"text-align: left;\"><strong>Vista:<\/strong> Color amarillo oro brillante, con burbuja fina y persistente que forma una delicada corona.<\/p>\n<p><strong>Nariz:<\/strong> Aromas delicados de flores blancas, fruta de hueso y c\u00edtricos, con notas de vegetaci\u00f3n fresca, piedra mojada, mantequilla, levadura y almendras tostadas.<\/p>\n<p><strong>Boca:<\/strong> Entrada fresca y seca, con fant\u00e1stica acidez y sabores de fruta de hueso, pera y manzana. Burbuja fina que aporta volumen y cremosidad, con larga persistencia y recuerdos c\u00edtricos y de mantequilla.<\/p>\n<hr \/>\n<h3>Servicio y Maridaje<\/h3>\n<p><strong>Servicio:<\/strong> Servir entre 7\u20139 \u00baC en copa de tama\u00f1o medio ligeramente cerrada en la parte superior.<\/p>\n<p><strong>Maridaje:<\/strong> Servir con cuidado para preservar la burbuja. Ideal para acompa\u00f1ar pescados blancos, mariscos, aves, guisos marineros y verduras al horno.<\/p>\n<hr \/>\n<p>&nbsp;<\/p>\n<p><strong><em>Descubre m\u00e1s cavas como este en nuestra <a href=\"https:\/\/pagodetharsys.com\/tienda\/categoria-producto\/vinos\/cavas\/\" target=\"_blank\" rel=\"noopener\">colecci\u00f3n de cavas<\/a> o <a href=\"https:\/\/pagodetharsys.com\/contacto\/\">cont\u00e1ctanos<\/a>.<\/em><\/strong><\/p>\n","protected":false},"excerpt":{"rendered":"<h3>\ud83c\udf77<strong>Cava ecol\u00f3gico de Chardonnay con m\u00e1s de 60 meses en rima. Brut Nature sin licor de expedici\u00f3n. Elegante, cremoso y artesanal.<\/strong><\/h3>\n<p>&nbsp;<\/p>\n<p><strong>\ud83d\udd34Tipo: <\/strong>Vino espumoso blanco<\/p>\n<p><strong>\ud83c\udf47Variedades:<\/strong> Chardonnay<\/p>\n<p><strong>\ud83d\udcc5A\u00f1ada: <\/strong>2019<\/p>\n<p><strong>\ud83c\udf77Grado alcoh\u00f3lico:<\/strong> 12%<\/p>\n<p><strong>\ud83d\udccdDenominaci\u00f3n:<\/strong> DO Cava<\/p>\n<p><strong>\ud83d\udd70\ufe0fCrianza:<\/strong> Crianza en rima de m\u00e1s de 60 meses<\/p>\n<p><em>CERTIFICADO OFICIAL UE DE VINO ECOL\u00d3GICO<\/em><\/p>\n<p><strong>\u00bfConoces los otros formatos?<\/strong><\/p>\n<div style=\"margin-top: 30px;\"><a style=\"display: inline-block; margin-right: 15px; padding: 10px 20px; background-color: #333; color: #fff; text-decoration: none; border-radius: 5px;\" href=\"https:\/\/pagodetharsys.com\/tienda\/productos\/pago-de-tharsys-brut-nature-reserva-magnum\/\" target=\"_blank\" rel=\"noopener noreferrer\"><br \/>\nVer Formato Magnum 1&#8217;5L<br \/>\n<\/a><a style=\"display: inline-block; padding: 10px 20px; background-color: #333; color: #fff; text-decoration: none; border-radius: 5px;\" href=\"https:\/\/pagodetharsys.com\/tienda\/productos\/pago-de-tharsys-brut-nature-reserva-jeroboam-3-litros\/\" target=\"_blank\" rel=\"noopener noreferrer\"><br \/>\nVer Formato Doble Magnum 3L<br \/>\n<\/a><\/div>\n","protected":false},"featured_media":511134,"comment_status":"closed","ping_status":"closed","template":"","meta":{"inline_featured_image":false,"site-sidebar-layout":"default","site-content-layout":"","ast-site-content-layout":"default","site-content-style":"default","site-sidebar-style":"default","ast-global-header-display":"","ast-banner-title-visibility":"","ast-main-header-display":"","ast-hfb-above-header-display":"","ast-hfb-below-header-display":"","ast-hfb-mobile-header-display":"","site-post-title":"","ast-breadcrumbs-content":"","ast-featured-img":"","footer-sml-layout":"","ast-disable-related-posts":"","theme-transparent-header-meta":"default","adv-header-id-meta":"","stick-header-meta":"default","header-above-stick-meta":"","header-main-stick-meta":"","header-below-stick-meta":"","astra-migrate-meta-layouts":"set","ast-page-background-enabled":"default","ast-page-background-meta":{"desktop":{"background-color":"var(--ast-global-color-4)","background-image":"","background-repeat":"repeat","background-position":"center center","background-size":"auto","background-attachment":"scroll","background-type":"","background-media":"","overlay-type":"","overlay-color":"","overlay-opacity":"","overlay-gradient":""},"tablet":{"background-color":"","background-image":"","background-repeat":"repeat","background-position":"center center","background-size":"auto","background-attachment":"scroll","background-type":"","background-media":"","overlay-type":"","overlay-color":"","overlay-opacity":"","overlay-gradient":""},"mobile":{"background-color":"","background-image":"","background-repeat":"repeat","background-position":"center center","background-size":"auto","background-attachment":"scroll","background-type":"","background-media":"","overlay-type":"","overlay-color":"","overlay-opacity":"","overlay-gradient":""}},"ast-content-background-meta":{"desktop":{"background-color":"var(--ast-global-color-5)","background-image":"","background-repeat":"repeat","background-position":"center center","background-size":"auto","background-attachment":"scroll","background-type":"","background-media":"","overlay-type":"","overlay-color":"","overlay-opacity":"","overlay-gradient":""},"tablet":{"background-color":"var(--ast-global-color-5)","background-image":"","background-repeat":"repeat","background-position":"center center","background-size":"auto","background-attachment":"scroll","background-type":"","background-media":"","overlay-type":"","overlay-color":"","overlay-opacity":"","overlay-gradient":""},"mobile":{"background-color":"var(--ast-global-color-5)","background-image":"","background-repeat":"repeat","background-position":"center center","background-size":"auto","background-attachment":"scroll","background-type":"","background-media":"","overlay-type":"","overlay-color":"","overlay-opacity":"","overlay-gradient":""}}},"product_brand":[],"product_cat":[1714,1708],"product_tag":[1862,1864,1866,1865,1867,1856,1863],"class_list":{"0":"post-658268","1":"product","2":"type-product","3":"status-publish","4":"has-post-thumbnail","6":"product_cat-cavas","7":"product_cat-pago-de-tharsys","8":"product_tag-brut-nature","9":"product_tag-cava","10":"product_tag-chardonnay","11":"product_tag-ecologico","12":"product_tag-etiqueta-ceramica","13":"product_tag-pago-de-tharsys","14":"product_tag-reserva","15":"desktop-align-left","16":"tablet-align-left","17":"mobile-align-left","18":"ast-product-gallery-layout-vertical-slider","19":"ast-magnify-disabled","20":"ast-product-tabs-layout-accordion","22":"first","23":"instock","24":"taxable","25":"shipping-taxable","26":"purchasable","27":"product-type-simple"},"yoast_head":"<!-- This site is optimized with the Yoast SEO plugin v27.2 - https:\/\/yoast.com\/product\/yoast-seo-wordpress\/ -->\n<title>Cer\u00e1mica Brut Nature Gran Reserva 2019 | Pago de Tharsys<\/title>\n<meta name=\"description\" content=\"Pago de Tharsys | Cer\u00e1mica BN Gran Reserva 2019 con m\u00e1s de 60 meses en rima. Elegancia, cremosidad y pureza sin dosage. Cava con etiqueta cer\u00e1mica.\" \/>\n<meta name=\"robots\" content=\"index, follow, max-snippet:-1, max-image-preview:large, max-video-preview:-1\" \/>\n<link rel=\"canonical\" href=\"https:\/\/pagodetharsys.com\/tienda\/productos\/cava-ecologico-brut-nature-gran-reserva\/\" \/>\n<meta property=\"og:locale\" content=\"es_ES\" \/>\n<meta property=\"og:type\" content=\"article\" \/>\n<meta property=\"og:title\" content=\"Cer\u00e1mica Brut Nature Gran Reserva 2019 | Pago de Tharsys\" \/>\n<meta property=\"og:description\" content=\"Pago de Tharsys | Cer\u00e1mica BN Gran Reserva 2019 con m\u00e1s de 60 meses en rima. Elegancia, cremosidad y pureza sin dosage. Cava con etiqueta cer\u00e1mica.\" \/>\n<meta property=\"og:url\" content=\"https:\/\/pagodetharsys.com\/tienda\/productos\/cava-ecologico-brut-nature-gran-reserva\/\" \/>\n<meta property=\"og:site_name\" content=\"Pago de Tharsys\" \/>\n<meta property=\"article:publisher\" content=\"https:\/\/www.facebook.com\/pagodetharsys\/\" \/>\n<meta property=\"article:modified_time\" content=\"2026-03-12T12:00:19+00:00\" \/>\n<meta property=\"og:image\" content=\"https:\/\/pagodetharsys.com\/tienda\/wp-content\/uploads\/2015\/01\/Pago-de-Tharsys-BN-Gran-Reserva-2018-Ceramica-2.jpg\" \/>\n\t<meta property=\"og:image:width\" content=\"1268\" \/>\n\t<meta property=\"og:image:height\" content=\"2560\" \/>\n\t<meta property=\"og:image:type\" content=\"image\/jpeg\" \/>\n<meta name=\"twitter:card\" content=\"summary_large_image\" \/>\n<meta name=\"twitter:site\" content=\"@pagodetharsys\" \/>\n<meta name=\"twitter:label1\" content=\"Tiempo de lectura\" \/>\n\t<meta name=\"twitter:data1\" content=\"2 minutos\" \/>\n<script type=\"application\/ld+json\" class=\"yoast-schema-graph\">{\"@context\":\"https:\/\/schema.org\",\"@graph\":[{\"@type\":\"WebPage\",\"@id\":\"https:\/\/pagodetharsys.com\/tienda\/productos\/cava-ecologico-brut-nature-gran-reserva\/\",\"url\":\"https:\/\/pagodetharsys.com\/tienda\/productos\/cava-ecologico-brut-nature-gran-reserva\/\",\"name\":\"Cer\u00e1mica Brut Nature Gran Reserva 2019 | Pago de Tharsys\",\"isPartOf\":{\"@id\":\"https:\/\/pagodetharsys.com\/tienda\/#website\"},\"primaryImageOfPage\":{\"@id\":\"https:\/\/pagodetharsys.com\/tienda\/productos\/cava-ecologico-brut-nature-gran-reserva\/#primaryimage\"},\"image\":{\"@id\":\"https:\/\/pagodetharsys.com\/tienda\/productos\/cava-ecologico-brut-nature-gran-reserva\/#primaryimage\"},\"thumbnailUrl\":\"https:\/\/pagodetharsys.com\/tienda\/wp-content\/uploads\/2015\/01\/Pago-de-Tharsys-BN-Gran-Reserva-2018-Ceramica-2.jpg\",\"datePublished\":\"2024-01-19T09:32:59+00:00\",\"dateModified\":\"2026-03-12T12:00:19+00:00\",\"description\":\"Pago de Tharsys | Cer\u00e1mica BN Gran Reserva 2019 con m\u00e1s de 60 meses en rima. Elegancia, cremosidad y pureza sin dosage. Cava con etiqueta cer\u00e1mica.\",\"breadcrumb\":{\"@id\":\"https:\/\/pagodetharsys.com\/tienda\/productos\/cava-ecologico-brut-nature-gran-reserva\/#breadcrumb\"},\"inLanguage\":\"es\",\"potentialAction\":[{\"@type\":\"ReadAction\",\"target\":[\"https:\/\/pagodetharsys.com\/tienda\/productos\/cava-ecologico-brut-nature-gran-reserva\/\"]}]},{\"@type\":\"ImageObject\",\"inLanguage\":\"es\",\"@id\":\"https:\/\/pagodetharsys.com\/tienda\/productos\/cava-ecologico-brut-nature-gran-reserva\/#primaryimage\",\"url\":\"https:\/\/pagodetharsys.com\/tienda\/wp-content\/uploads\/2015\/01\/Pago-de-Tharsys-BN-Gran-Reserva-2018-Ceramica-2.jpg\",\"contentUrl\":\"https:\/\/pagodetharsys.com\/tienda\/wp-content\/uploads\/2015\/01\/Pago-de-Tharsys-BN-Gran-Reserva-2018-Ceramica-2.jpg\",\"width\":1268,\"height\":2560},{\"@type\":\"BreadcrumbList\",\"@id\":\"https:\/\/pagodetharsys.com\/tienda\/productos\/cava-ecologico-brut-nature-gran-reserva\/#breadcrumb\",\"itemListElement\":[{\"@type\":\"ListItem\",\"position\":1,\"name\":\"Portada\",\"item\":\"https:\/\/pagodetharsys.com\/tienda\/\"},{\"@type\":\"ListItem\",\"position\":2,\"name\":\"Products\",\"item\":\"https:\/\/pagodetharsys.com\/tienda\/en\/\"},{\"@type\":\"ListItem\",\"position\":3,\"name\":\"PAGO DE THARSYS | CER\u00c1MICA BRUT NATURE GRAN RESERVA 2019\"}]},{\"@type\":\"WebSite\",\"@id\":\"https:\/\/pagodetharsys.com\/tienda\/#website\",\"url\":\"https:\/\/pagodetharsys.com\/tienda\/\",\"name\":\"Pago de Tharsys\",\"description\":\"Una experiencia sensorial que llega m\u00e1s all\u00e1 de una copa de vino\",\"publisher\":{\"@id\":\"https:\/\/pagodetharsys.com\/tienda\/#organization\"},\"potentialAction\":[{\"@type\":\"SearchAction\",\"target\":{\"@type\":\"EntryPoint\",\"urlTemplate\":\"https:\/\/pagodetharsys.com\/tienda\/?s={search_term_string}\"},\"query-input\":{\"@type\":\"PropertyValueSpecification\",\"valueRequired\":true,\"valueName\":\"search_term_string\"}}],\"inLanguage\":\"es\"},{\"@type\":\"Organization\",\"@id\":\"https:\/\/pagodetharsys.com\/tienda\/#organization\",\"name\":\"Pago de Tharsys\",\"url\":\"https:\/\/pagodetharsys.com\/tienda\/\",\"logo\":{\"@type\":\"ImageObject\",\"inLanguage\":\"es\",\"@id\":\"https:\/\/pagodetharsys.com\/tienda\/#\/schema\/logo\/image\/\",\"url\":\"https:\/\/pagodetharsys.com\/tienda\/wp-content\/uploads\/2025\/12\/logo-pagodetharsys-2025.svg\",\"contentUrl\":\"https:\/\/pagodetharsys.com\/tienda\/wp-content\/uploads\/2025\/12\/logo-pagodetharsys-2025.svg\",\"width\":100,\"height\":100,\"caption\":\"Pago de Tharsys\"},\"image\":{\"@id\":\"https:\/\/pagodetharsys.com\/tienda\/#\/schema\/logo\/image\/\"},\"sameAs\":[\"https:\/\/www.facebook.com\/pagodetharsys\/\",\"https:\/\/x.com\/pagodetharsys\",\"https:\/\/www.instagram.com\/pagodetharsys\/\"]}]}<\/script>\n<!-- \/ Yoast SEO plugin. -->","yoast_head_json":{"title":"Cer\u00e1mica Brut Nature Gran Reserva 2019 | Pago de Tharsys","description":"Pago de Tharsys | Cer\u00e1mica BN Gran Reserva 2019 con m\u00e1s de 60 meses en rima. Elegancia, cremosidad y pureza sin dosage. Cava con etiqueta cer\u00e1mica.","robots":{"index":"index","follow":"follow","max-snippet":"max-snippet:-1","max-image-preview":"max-image-preview:large","max-video-preview":"max-video-preview:-1"},"canonical":"https:\/\/pagodetharsys.com\/tienda\/productos\/cava-ecologico-brut-nature-gran-reserva\/","og_locale":"es_ES","og_type":"article","og_title":"Cer\u00e1mica Brut Nature Gran Reserva 2019 | Pago de Tharsys","og_description":"Pago de Tharsys | Cer\u00e1mica BN Gran Reserva 2019 con m\u00e1s de 60 meses en rima. Elegancia, cremosidad y pureza sin dosage. Cava con etiqueta cer\u00e1mica.","og_url":"https:\/\/pagodetharsys.com\/tienda\/productos\/cava-ecologico-brut-nature-gran-reserva\/","og_site_name":"Pago de Tharsys","article_publisher":"https:\/\/www.facebook.com\/pagodetharsys\/","article_modified_time":"2026-03-12T12:00:19+00:00","og_image":[{"width":1268,"height":2560,"url":"https:\/\/pagodetharsys.com\/tienda\/wp-content\/uploads\/2015\/01\/Pago-de-Tharsys-BN-Gran-Reserva-2018-Ceramica-2.jpg","type":"image\/jpeg"}],"twitter_card":"summary_large_image","twitter_site":"@pagodetharsys","twitter_misc":{"Tiempo de lectura":"2 minutos"},"schema":{"@context":"https:\/\/schema.org","@graph":[{"@type":"WebPage","@id":"https:\/\/pagodetharsys.com\/tienda\/productos\/cava-ecologico-brut-nature-gran-reserva\/","url":"https:\/\/pagodetharsys.com\/tienda\/productos\/cava-ecologico-brut-nature-gran-reserva\/","name":"Cer\u00e1mica Brut Nature Gran Reserva 2019 | Pago de Tharsys","isPartOf":{"@id":"https:\/\/pagodetharsys.com\/tienda\/#website"},"primaryImageOfPage":{"@id":"https:\/\/pagodetharsys.com\/tienda\/productos\/cava-ecologico-brut-nature-gran-reserva\/#primaryimage"},"image":{"@id":"https:\/\/pagodetharsys.com\/tienda\/productos\/cava-ecologico-brut-nature-gran-reserva\/#primaryimage"},"thumbnailUrl":"https:\/\/pagodetharsys.com\/tienda\/wp-content\/uploads\/2015\/01\/Pago-de-Tharsys-BN-Gran-Reserva-2018-Ceramica-2.jpg","datePublished":"2024-01-19T09:32:59+00:00","dateModified":"2026-03-12T12:00:19+00:00","description":"Pago de Tharsys | Cer\u00e1mica BN Gran Reserva 2019 con m\u00e1s de 60 meses en rima. Elegancia, cremosidad y pureza sin dosage. Cava con etiqueta cer\u00e1mica.","breadcrumb":{"@id":"https:\/\/pagodetharsys.com\/tienda\/productos\/cava-ecologico-brut-nature-gran-reserva\/#breadcrumb"},"inLanguage":"es","potentialAction":[{"@type":"ReadAction","target":["https:\/\/pagodetharsys.com\/tienda\/productos\/cava-ecologico-brut-nature-gran-reserva\/"]}]},{"@type":"ImageObject","inLanguage":"es","@id":"https:\/\/pagodetharsys.com\/tienda\/productos\/cava-ecologico-brut-nature-gran-reserva\/#primaryimage","url":"https:\/\/pagodetharsys.com\/tienda\/wp-content\/uploads\/2015\/01\/Pago-de-Tharsys-BN-Gran-Reserva-2018-Ceramica-2.jpg","contentUrl":"https:\/\/pagodetharsys.com\/tienda\/wp-content\/uploads\/2015\/01\/Pago-de-Tharsys-BN-Gran-Reserva-2018-Ceramica-2.jpg","width":1268,"height":2560},{"@type":"BreadcrumbList","@id":"https:\/\/pagodetharsys.com\/tienda\/productos\/cava-ecologico-brut-nature-gran-reserva\/#breadcrumb","itemListElement":[{"@type":"ListItem","position":1,"name":"Portada","item":"https:\/\/pagodetharsys.com\/tienda\/"},{"@type":"ListItem","position":2,"name":"Products","item":"https:\/\/pagodetharsys.com\/tienda\/en\/"},{"@type":"ListItem","position":3,"name":"PAGO DE THARSYS | CER\u00c1MICA BRUT NATURE GRAN RESERVA 2019"}]},{"@type":"WebSite","@id":"https:\/\/pagodetharsys.com\/tienda\/#website","url":"https:\/\/pagodetharsys.com\/tienda\/","name":"Pago de Tharsys","description":"Una experiencia sensorial que llega m\u00e1s all\u00e1 de una copa de vino","publisher":{"@id":"https:\/\/pagodetharsys.com\/tienda\/#organization"},"potentialAction":[{"@type":"SearchAction","target":{"@type":"EntryPoint","urlTemplate":"https:\/\/pagodetharsys.com\/tienda\/?s={search_term_string}"},"query-input":{"@type":"PropertyValueSpecification","valueRequired":true,"valueName":"search_term_string"}}],"inLanguage":"es"},{"@type":"Organization","@id":"https:\/\/pagodetharsys.com\/tienda\/#organization","name":"Pago de Tharsys","url":"https:\/\/pagodetharsys.com\/tienda\/","logo":{"@type":"ImageObject","inLanguage":"es","@id":"https:\/\/pagodetharsys.com\/tienda\/#\/schema\/logo\/image\/","url":"https:\/\/pagodetharsys.com\/tienda\/wp-content\/uploads\/2025\/12\/logo-pagodetharsys-2025.svg","contentUrl":"https:\/\/pagodetharsys.com\/tienda\/wp-content\/uploads\/2025\/12\/logo-pagodetharsys-2025.svg","width":100,"height":100,"caption":"Pago de Tharsys"},"image":{"@id":"https:\/\/pagodetharsys.com\/tienda\/#\/schema\/logo\/image\/"},"sameAs":["https:\/\/www.facebook.com\/pagodetharsys\/","https:\/\/x.com\/pagodetharsys","https:\/\/www.instagram.com\/pagodetharsys\/"]}]}},"_links":{"self":[{"href":"https:\/\/pagodetharsys.com\/tienda\/wp-json\/wp\/v2\/product\/658268","targetHints":{"allow":["GET"]}}],"collection":[{"href":"https:\/\/pagodetharsys.com\/tienda\/wp-json\/wp\/v2\/product"}],"about":[{"href":"https:\/\/pagodetharsys.com\/tienda\/wp-json\/wp\/v2\/types\/product"}],"replies":[{"embeddable":true,"href":"https:\/\/pagodetharsys.com\/tienda\/wp-json\/wp\/v2\/comments?post=658268"}],"wp:featuredmedia":[{"embeddable":true,"href":"https:\/\/pagodetharsys.com\/tienda\/wp-json\/wp\/v2\/media\/511134"}],"wp:attachment":[{"href":"https:\/\/pagodetharsys.com\/tienda\/wp-json\/wp\/v2\/media?parent=658268"}],"wp:term":[{"taxonomy":"product_brand","embeddable":true,"href":"https:\/\/pagodetharsys.com\/tienda\/wp-json\/wp\/v2\/product_brand?post=658268"},{"taxonomy":"product_cat","embeddable":true,"href":"https:\/\/pagodetharsys.com\/tienda\/wp-json\/wp\/v2\/product_cat?post=658268"},{"taxonomy":"product_tag","embeddable":true,"href":"https:\/\/pagodetharsys.com\/tienda\/wp-json\/wp\/v2\/product_tag?post=658268"}],"curies":[{"name":"wp","href":"https:\/\/api.w.org\/{rel}","templated":true}]}}