{"id":660571,"date":"2024-06-14T13:31:58","date_gmt":"2024-06-14T11:31:58","guid":{"rendered":"https:\/\/pagodetharsys.com\/tienda\/products\/pago-de-tharsys-brut-nature-reserva-magnum-15-litros-copy\/"},"modified":"2026-04-21T14:24:33","modified_gmt":"2026-04-21T12:24:33","slug":"pago-de-tharsys-gran-reserva-2014-magnum","status":"publish","type":"product","link":"https:\/\/pagodetharsys.com\/tienda\/productos\/pago-de-tharsys-gran-reserva-2014-magnum\/","title":{"rendered":"PAGO DE THARSYS | GRAN RESERVA 2014 MAGNUM"},"content":{"rendered":"<h2 style=\"text-align: center;\">PAGO DE THARSYS | GRAN RESERVA 2014 MAGNUM<\/h2>\n<p>&nbsp;<\/p>\n<h3 style=\"text-align: left;\">El Vi\u00f1edo<\/h3>\n<p>Los vi\u00f1edos se encuentran a m\u00e1s de 700 metros de altitud, con clima continental de fuerte influencia mediterr\u00e1nea que aporta una marcada oscilaci\u00f3n t\u00e9rmica. Este contraste permite obtener uvas maduras con acidez natural elevada, perfectas para largas crianzas.<br \/>\nLos suelos son calc\u00e1reos con capas profundas de arcilla y una gran masa de roca caliza a partir de los 2 metros, que retiene humedad y da lugar a uvas peque\u00f1as, arom\u00e1ticas y de gran calidad.<\/p>\n<p><strong>Descubre m\u00e1s sobre este magnum y <a href=\"https:\/\/pagodetharsys.com\/enoturismo\/\">nuestras experiencias en nuestra bodega<\/a>.<\/strong><\/p>\n<hr \/>\n<h3 style=\"text-align: left;\">Elaboraci\u00f3n<\/h3>\n<p>La vendimia se realiza manualmente en cajas de 10 kg y las uvas pasan por mesa de selecci\u00f3n antes del prensado suave. Tras el tiraje, el cava reposa en nuestra cava subterr\u00e1nea durante <strong>m\u00e1s de 38 meses<\/strong> en posici\u00f3n horizontal.<br \/>\nPosteriormente, se realiza el removido manual en pupitres y un deg\u00fcelle tambi\u00e9n manual.<br \/>\nEsta cuv\u00e9e ecol\u00f3gica, embotellada en formato Magnum, no contiene licor de expedici\u00f3n: es un <strong>Brut Nature 0 dosage<\/strong>, pensado para mostrar la pureza y elegancia que aporta una larga crianza en rima.<\/p>\n<hr \/>\n<h3>Notas de Cata<\/h3>\n<p style=\"text-align: left;\"><strong>Vista:<\/strong> Color amarillo oro viejo brillante. Burbuja extrafina, muy homog\u00e9nea y persistente, formando una corona elegante y delicada.<\/p>\n<p><strong>Nariz:<\/strong> Aromas de melocot\u00f3n de secano, manzana golden, piel de lim\u00f3n, avellanas tostadas, mantequilla, pan reci\u00e9n horneado, crema pastelera y vainilla.<\/p>\n<p><strong>Boca:<\/strong> Entrada redonda, plena y cremosa. Burbujas fin\u00edsimas que aportan volumen y suavidad. Gran frescura, equilibrio y un final muy largo.<\/p>\n<hr \/>\n<h3>Servicio y Maridaje<\/h3>\n<p><strong>Servicio:<\/strong> Servir entre 7 y 9 \u00baC en copa de tama\u00f1o medio.<\/p>\n<p><strong>Maridaje:<\/strong> Perfecto para grandes celebraciones y para compartir en mesa. Su complejidad y versatilidad lo convierten en el compa\u00f1ero ideal para un men\u00fa degustaci\u00f3n completo.<\/p>\n<hr \/>\n<p>&nbsp;<\/p>\n<p><strong><em>Descubre m\u00e1s espumosos en nuestra <a href=\"https:\/\/pagodetharsys.com\/tienda\/categoria-producto\/vinos\/cavas\/\" target=\"_blank\" rel=\"noopener\">colecci\u00f3n de cavas<\/a> o <a href=\"https:\/\/pagodetharsys.com\/contacto\/\">cont\u00e1ctanos<\/a>.<\/em><\/strong><\/p>\n","protected":false},"excerpt":{"rendered":"<h3>\ud83c\udf77\u00a0<strong>Pago de Tharsys Magnum Gran Reserva 2014.<\/strong><\/h3>\n<p>&nbsp;<\/p>\n<p><strong>\ud83d\udd34Tipo:<\/strong> Espumoso<\/p>\n<p><strong>\ud83d\udcc5A\u00f1ada:<\/strong> 2014<\/p>\n<p><strong>\ud83d\udccdDenominaci\u00f3n:<\/strong> DO Cava<\/p>\n<p><strong>\ud83d\udd70\ufe0fCrianza:<\/strong> Crianza en rima de m\u00e1s de 38 meses<\/p>\n","protected":false},"featured_media":670286,"comment_status":"closed","ping_status":"closed","template":"","meta":{"inline_featured_image":false,"site-sidebar-layout":"default","site-content-layout":"","ast-site-content-layout":"default","site-content-style":"default","site-sidebar-style":"default","ast-global-header-display":"","ast-banner-title-visibility":"","ast-main-header-display":"","ast-hfb-above-header-display":"","ast-hfb-below-header-display":"","ast-hfb-mobile-header-display":"","site-post-title":"","ast-breadcrumbs-content":"","ast-featured-img":"","footer-sml-layout":"","ast-disable-related-posts":"","theme-transparent-header-meta":"default","adv-header-id-meta":"","stick-header-meta":"default","header-above-stick-meta":"","header-main-stick-meta":"","header-below-stick-meta":"","astra-migrate-meta-layouts":"set","ast-page-background-enabled":"default","ast-page-background-meta":{"desktop":{"background-color":"var(--ast-global-color-4)","background-image":"","background-repeat":"repeat","background-position":"center center","background-size":"auto","background-attachment":"scroll","background-type":"","background-media":"","overlay-type":"","overlay-color":"","overlay-opacity":"","overlay-gradient":""},"tablet":{"background-color":"","background-image":"","background-repeat":"repeat","background-position":"center center","background-size":"auto","background-attachment":"scroll","background-type":"","background-media":"","overlay-type":"","overlay-color":"","overlay-opacity":"","overlay-gradient":""},"mobile":{"background-color":"","background-image":"","background-repeat":"repeat","background-position":"center center","background-size":"auto","background-attachment":"scroll","background-type":"","background-media":"","overlay-type":"","overlay-color":"","overlay-opacity":"","overlay-gradient":""}},"ast-content-background-meta":{"desktop":{"background-color":"var(--ast-global-color-5)","background-image":"","background-repeat":"repeat","background-position":"center center","background-size":"auto","background-attachment":"scroll","background-type":"","background-media":"","overlay-type":"","overlay-color":"","overlay-opacity":"","overlay-gradient":""},"tablet":{"background-color":"var(--ast-global-color-5)","background-image":"","background-repeat":"repeat","background-position":"center center","background-size":"auto","background-attachment":"scroll","background-type":"","background-media":"","overlay-type":"","overlay-color":"","overlay-opacity":"","overlay-gradient":""},"mobile":{"background-color":"var(--ast-global-color-5)","background-image":"","background-repeat":"repeat","background-position":"center center","background-size":"auto","background-attachment":"scroll","background-type":"","background-media":"","overlay-type":"","overlay-color":"","overlay-opacity":"","overlay-gradient":""}}},"product_brand":[],"product_cat":[1714,1708],"product_tag":[],"class_list":{"0":"post-660571","1":"product","2":"type-product","3":"status-publish","4":"has-post-thumbnail","6":"product_cat-cavas","7":"product_cat-pago-de-tharsys","8":"desktop-align-left","9":"tablet-align-left","10":"mobile-align-left","11":"ast-product-gallery-layout-vertical-slider","12":"ast-product-gallery-with-no-image","13":"ast-magnify-disabled","14":"ast-product-tabs-layout-accordion","16":"first","17":"instock","18":"featured","19":"taxable","20":"shipping-taxable","21":"purchasable","22":"product-type-simple"},"booking_location":null,"booking_location_type":null,"booking_duration":null,"booking_duration_unit":null,"booking_buffer":null,"booking_cost":null,"booking_resources":null,"yoast_head":"<!-- This site is optimized with the Yoast SEO plugin v27.4 - https:\/\/yoast.com\/product\/yoast-seo-wordpress\/ -->\n<title>Pago de Tharsys | Brut Nature Gran Reserva 2014 Magnum<\/title>\n<meta name=\"description\" content=\"Pago de Tharsys Gran Reserva 2014 cava chardonnnay con m\u00e1s de 10 a\u00f1os de crianza en rima en la bodega subterr\u00e1nea do cava Requena magnum 1,5 litros\" \/>\n<meta name=\"robots\" content=\"index, follow, max-snippet:-1, max-image-preview:large, max-video-preview:-1\" \/>\n<link rel=\"canonical\" href=\"https:\/\/pagodetharsys.com\/tienda\/productos\/pago-de-tharsys-gran-reserva-2014-magnum\/\" \/>\n<meta property=\"og:locale\" content=\"es_ES\" \/>\n<meta property=\"og:type\" content=\"article\" \/>\n<meta property=\"og:title\" content=\"Pago de Tharsys | Brut Nature Gran Reserva 2014 Magnum\" \/>\n<meta property=\"og:description\" content=\"Pago de Tharsys Gran Reserva 2014 cava chardonnnay con m\u00e1s de 10 a\u00f1os de crianza en rima en la bodega subterr\u00e1nea do cava Requena magnum 1,5 litros\" \/>\n<meta property=\"og:url\" content=\"https:\/\/pagodetharsys.com\/tienda\/productos\/pago-de-tharsys-gran-reserva-2014-magnum\/\" \/>\n<meta property=\"og:site_name\" content=\"Pago de Tharsys\" \/>\n<meta property=\"article:publisher\" content=\"https:\/\/www.facebook.com\/pagodetharsys\/\" \/>\n<meta property=\"article:modified_time\" content=\"2026-04-21T12:24:33+00:00\" \/>\n<meta property=\"og:image\" content=\"https:\/\/pagodetharsys.com\/tienda\/wp-content\/uploads\/2024\/06\/GranReserva_MockUp-scaled.png\" \/>\n\t<meta property=\"og:image:width\" content=\"1180\" \/>\n\t<meta property=\"og:image:height\" content=\"2560\" \/>\n\t<meta property=\"og:image:type\" content=\"image\/png\" \/>\n<meta name=\"twitter:card\" content=\"summary_large_image\" \/>\n<meta name=\"twitter:site\" content=\"@pagodetharsys\" \/>\n<meta name=\"twitter:label1\" content=\"Tiempo de lectura\" \/>\n\t<meta name=\"twitter:data1\" content=\"2 minutos\" \/>\n<script type=\"application\/ld+json\" class=\"yoast-schema-graph\">{\"@context\":\"https:\\\/\\\/schema.org\",\"@graph\":[{\"@type\":\"WebPage\",\"@id\":\"https:\\\/\\\/pagodetharsys.com\\\/tienda\\\/productos\\\/pago-de-tharsys-gran-reserva-2014-magnum\\\/\",\"url\":\"https:\\\/\\\/pagodetharsys.com\\\/tienda\\\/productos\\\/pago-de-tharsys-gran-reserva-2014-magnum\\\/\",\"name\":\"Pago de Tharsys | Brut Nature Gran Reserva 2014 Magnum\",\"isPartOf\":{\"@id\":\"https:\\\/\\\/pagodetharsys.com\\\/tienda\\\/#website\"},\"primaryImageOfPage\":{\"@id\":\"https:\\\/\\\/pagodetharsys.com\\\/tienda\\\/productos\\\/pago-de-tharsys-gran-reserva-2014-magnum\\\/#primaryimage\"},\"image\":{\"@id\":\"https:\\\/\\\/pagodetharsys.com\\\/tienda\\\/productos\\\/pago-de-tharsys-gran-reserva-2014-magnum\\\/#primaryimage\"},\"thumbnailUrl\":\"https:\\\/\\\/pagodetharsys.com\\\/tienda\\\/wp-content\\\/uploads\\\/2024\\\/06\\\/GranReserva_MockUp-scaled.png\",\"datePublished\":\"2024-06-14T11:31:58+00:00\",\"dateModified\":\"2026-04-21T12:24:33+00:00\",\"description\":\"Pago de Tharsys Gran Reserva 2014 cava chardonnnay con m\u00e1s de 10 a\u00f1os de crianza en rima en la bodega subterr\u00e1nea do cava Requena magnum 1,5 litros\",\"breadcrumb\":{\"@id\":\"https:\\\/\\\/pagodetharsys.com\\\/tienda\\\/productos\\\/pago-de-tharsys-gran-reserva-2014-magnum\\\/#breadcrumb\"},\"inLanguage\":\"es\",\"potentialAction\":[{\"@type\":\"ReadAction\",\"target\":[\"https:\\\/\\\/pagodetharsys.com\\\/tienda\\\/productos\\\/pago-de-tharsys-gran-reserva-2014-magnum\\\/\"]}]},{\"@type\":\"ImageObject\",\"inLanguage\":\"es\",\"@id\":\"https:\\\/\\\/pagodetharsys.com\\\/tienda\\\/productos\\\/pago-de-tharsys-gran-reserva-2014-magnum\\\/#primaryimage\",\"url\":\"https:\\\/\\\/pagodetharsys.com\\\/tienda\\\/wp-content\\\/uploads\\\/2024\\\/06\\\/GranReserva_MockUp-scaled.png\",\"contentUrl\":\"https:\\\/\\\/pagodetharsys.com\\\/tienda\\\/wp-content\\\/uploads\\\/2024\\\/06\\\/GranReserva_MockUp-scaled.png\",\"width\":1180,\"height\":2560},{\"@type\":\"BreadcrumbList\",\"@id\":\"https:\\\/\\\/pagodetharsys.com\\\/tienda\\\/productos\\\/pago-de-tharsys-gran-reserva-2014-magnum\\\/#breadcrumb\",\"itemListElement\":[{\"@type\":\"ListItem\",\"position\":1,\"name\":\"Portada\",\"item\":\"https:\\\/\\\/pagodetharsys.com\\\/tienda\\\/\"},{\"@type\":\"ListItem\",\"position\":2,\"name\":\"Products\",\"item\":\"https:\\\/\\\/pagodetharsys.com\\\/tienda\\\/en\\\/\"},{\"@type\":\"ListItem\",\"position\":3,\"name\":\"PAGO DE THARSYS | GRAN RESERVA 2014 MAGNUM\"}]},{\"@type\":\"WebSite\",\"@id\":\"https:\\\/\\\/pagodetharsys.com\\\/tienda\\\/#website\",\"url\":\"https:\\\/\\\/pagodetharsys.com\\\/tienda\\\/\",\"name\":\"Pago de Tharsys\",\"description\":\"Una experiencia sensorial que llega m\u00e1s all\u00e1 de una copa de vino\",\"publisher\":{\"@id\":\"https:\\\/\\\/pagodetharsys.com\\\/tienda\\\/#organization\"},\"potentialAction\":[{\"@type\":\"SearchAction\",\"target\":{\"@type\":\"EntryPoint\",\"urlTemplate\":\"https:\\\/\\\/pagodetharsys.com\\\/tienda\\\/?s={search_term_string}\"},\"query-input\":{\"@type\":\"PropertyValueSpecification\",\"valueRequired\":true,\"valueName\":\"search_term_string\"}}],\"inLanguage\":\"es\"},{\"@type\":\"Organization\",\"@id\":\"https:\\\/\\\/pagodetharsys.com\\\/tienda\\\/#organization\",\"name\":\"Pago de Tharsys\",\"url\":\"https:\\\/\\\/pagodetharsys.com\\\/tienda\\\/\",\"logo\":{\"@type\":\"ImageObject\",\"inLanguage\":\"es\",\"@id\":\"https:\\\/\\\/pagodetharsys.com\\\/tienda\\\/#\\\/schema\\\/logo\\\/image\\\/\",\"url\":\"https:\\\/\\\/pagodetharsys.com\\\/tienda\\\/wp-content\\\/uploads\\\/2025\\\/12\\\/logo-pagodetharsys-2025.svg\",\"contentUrl\":\"https:\\\/\\\/pagodetharsys.com\\\/tienda\\\/wp-content\\\/uploads\\\/2025\\\/12\\\/logo-pagodetharsys-2025.svg\",\"width\":100,\"height\":100,\"caption\":\"Pago de Tharsys\"},\"image\":{\"@id\":\"https:\\\/\\\/pagodetharsys.com\\\/tienda\\\/#\\\/schema\\\/logo\\\/image\\\/\"},\"sameAs\":[\"https:\\\/\\\/www.facebook.com\\\/pagodetharsys\\\/\",\"https:\\\/\\\/x.com\\\/pagodetharsys\",\"https:\\\/\\\/www.instagram.com\\\/pagodetharsys\\\/\"]}]}<\/script>\n<!-- \/ Yoast SEO plugin. -->","yoast_head_json":{"title":"Pago de Tharsys | Brut Nature Gran Reserva 2014 Magnum","description":"Pago de Tharsys Gran Reserva 2014 cava chardonnnay con m\u00e1s de 10 a\u00f1os de crianza en rima en la bodega subterr\u00e1nea do cava Requena magnum 1,5 litros","robots":{"index":"index","follow":"follow","max-snippet":"max-snippet:-1","max-image-preview":"max-image-preview:large","max-video-preview":"max-video-preview:-1"},"canonical":"https:\/\/pagodetharsys.com\/tienda\/productos\/pago-de-tharsys-gran-reserva-2014-magnum\/","og_locale":"es_ES","og_type":"article","og_title":"Pago de Tharsys | Brut Nature Gran Reserva 2014 Magnum","og_description":"Pago de Tharsys Gran Reserva 2014 cava chardonnnay con m\u00e1s de 10 a\u00f1os de crianza en rima en la bodega subterr\u00e1nea do cava Requena magnum 1,5 litros","og_url":"https:\/\/pagodetharsys.com\/tienda\/productos\/pago-de-tharsys-gran-reserva-2014-magnum\/","og_site_name":"Pago de Tharsys","article_publisher":"https:\/\/www.facebook.com\/pagodetharsys\/","article_modified_time":"2026-04-21T12:24:33+00:00","og_image":[{"width":1180,"height":2560,"url":"https:\/\/pagodetharsys.com\/tienda\/wp-content\/uploads\/2024\/06\/GranReserva_MockUp-scaled.png","type":"image\/png"}],"twitter_card":"summary_large_image","twitter_site":"@pagodetharsys","twitter_misc":{"Tiempo de lectura":"2 minutos"},"schema":{"@context":"https:\/\/schema.org","@graph":[{"@type":"WebPage","@id":"https:\/\/pagodetharsys.com\/tienda\/productos\/pago-de-tharsys-gran-reserva-2014-magnum\/","url":"https:\/\/pagodetharsys.com\/tienda\/productos\/pago-de-tharsys-gran-reserva-2014-magnum\/","name":"Pago de Tharsys | Brut Nature Gran Reserva 2014 Magnum","isPartOf":{"@id":"https:\/\/pagodetharsys.com\/tienda\/#website"},"primaryImageOfPage":{"@id":"https:\/\/pagodetharsys.com\/tienda\/productos\/pago-de-tharsys-gran-reserva-2014-magnum\/#primaryimage"},"image":{"@id":"https:\/\/pagodetharsys.com\/tienda\/productos\/pago-de-tharsys-gran-reserva-2014-magnum\/#primaryimage"},"thumbnailUrl":"https:\/\/pagodetharsys.com\/tienda\/wp-content\/uploads\/2024\/06\/GranReserva_MockUp-scaled.png","datePublished":"2024-06-14T11:31:58+00:00","dateModified":"2026-04-21T12:24:33+00:00","description":"Pago de Tharsys Gran Reserva 2014 cava chardonnnay con m\u00e1s de 10 a\u00f1os de crianza en rima en la bodega subterr\u00e1nea do cava Requena magnum 1,5 litros","breadcrumb":{"@id":"https:\/\/pagodetharsys.com\/tienda\/productos\/pago-de-tharsys-gran-reserva-2014-magnum\/#breadcrumb"},"inLanguage":"es","potentialAction":[{"@type":"ReadAction","target":["https:\/\/pagodetharsys.com\/tienda\/productos\/pago-de-tharsys-gran-reserva-2014-magnum\/"]}]},{"@type":"ImageObject","inLanguage":"es","@id":"https:\/\/pagodetharsys.com\/tienda\/productos\/pago-de-tharsys-gran-reserva-2014-magnum\/#primaryimage","url":"https:\/\/pagodetharsys.com\/tienda\/wp-content\/uploads\/2024\/06\/GranReserva_MockUp-scaled.png","contentUrl":"https:\/\/pagodetharsys.com\/tienda\/wp-content\/uploads\/2024\/06\/GranReserva_MockUp-scaled.png","width":1180,"height":2560},{"@type":"BreadcrumbList","@id":"https:\/\/pagodetharsys.com\/tienda\/productos\/pago-de-tharsys-gran-reserva-2014-magnum\/#breadcrumb","itemListElement":[{"@type":"ListItem","position":1,"name":"Portada","item":"https:\/\/pagodetharsys.com\/tienda\/"},{"@type":"ListItem","position":2,"name":"Products","item":"https:\/\/pagodetharsys.com\/tienda\/en\/"},{"@type":"ListItem","position":3,"name":"PAGO DE THARSYS | GRAN RESERVA 2014 MAGNUM"}]},{"@type":"WebSite","@id":"https:\/\/pagodetharsys.com\/tienda\/#website","url":"https:\/\/pagodetharsys.com\/tienda\/","name":"Pago de Tharsys","description":"Una experiencia sensorial que llega m\u00e1s all\u00e1 de una copa de vino","publisher":{"@id":"https:\/\/pagodetharsys.com\/tienda\/#organization"},"potentialAction":[{"@type":"SearchAction","target":{"@type":"EntryPoint","urlTemplate":"https:\/\/pagodetharsys.com\/tienda\/?s={search_term_string}"},"query-input":{"@type":"PropertyValueSpecification","valueRequired":true,"valueName":"search_term_string"}}],"inLanguage":"es"},{"@type":"Organization","@id":"https:\/\/pagodetharsys.com\/tienda\/#organization","name":"Pago de Tharsys","url":"https:\/\/pagodetharsys.com\/tienda\/","logo":{"@type":"ImageObject","inLanguage":"es","@id":"https:\/\/pagodetharsys.com\/tienda\/#\/schema\/logo\/image\/","url":"https:\/\/pagodetharsys.com\/tienda\/wp-content\/uploads\/2025\/12\/logo-pagodetharsys-2025.svg","contentUrl":"https:\/\/pagodetharsys.com\/tienda\/wp-content\/uploads\/2025\/12\/logo-pagodetharsys-2025.svg","width":100,"height":100,"caption":"Pago de Tharsys"},"image":{"@id":"https:\/\/pagodetharsys.com\/tienda\/#\/schema\/logo\/image\/"},"sameAs":["https:\/\/www.facebook.com\/pagodetharsys\/","https:\/\/x.com\/pagodetharsys","https:\/\/www.instagram.com\/pagodetharsys\/"]}]}},"_links":{"self":[{"href":"https:\/\/pagodetharsys.com\/tienda\/wp-json\/wp\/v2\/product\/660571","targetHints":{"allow":["GET"]}}],"collection":[{"href":"https:\/\/pagodetharsys.com\/tienda\/wp-json\/wp\/v2\/product"}],"about":[{"href":"https:\/\/pagodetharsys.com\/tienda\/wp-json\/wp\/v2\/types\/product"}],"replies":[{"embeddable":true,"href":"https:\/\/pagodetharsys.com\/tienda\/wp-json\/wp\/v2\/comments?post=660571"}],"wp:featuredmedia":[{"embeddable":true,"href":"https:\/\/pagodetharsys.com\/tienda\/wp-json\/wp\/v2\/media\/670286"}],"wp:attachment":[{"href":"https:\/\/pagodetharsys.com\/tienda\/wp-json\/wp\/v2\/media?parent=660571"}],"wp:term":[{"taxonomy":"product_brand","embeddable":true,"href":"https:\/\/pagodetharsys.com\/tienda\/wp-json\/wp\/v2\/product_brand?post=660571"},{"taxonomy":"product_cat","embeddable":true,"href":"https:\/\/pagodetharsys.com\/tienda\/wp-json\/wp\/v2\/product_cat?post=660571"},{"taxonomy":"product_tag","embeddable":true,"href":"https:\/\/pagodetharsys.com\/tienda\/wp-json\/wp\/v2\/product_tag?post=660571"}],"curies":[{"name":"wp","href":"https:\/\/api.w.org\/{rel}","templated":true}]}}