{"id":88267,"date":"2022-11-25T13:06:16","date_gmt":"2022-11-25T12:06:16","guid":{"rendered":"https:\/\/pagodetharsys.com\/tienda\/productos\/pago-de-tharsys-brut-nature-gran-reserva-ceramica-copy\/"},"modified":"2026-03-12T12:53:19","modified_gmt":"2026-03-12T11:53:19","slug":"cava-brut-nature-xarel-lo","status":"publish","type":"product","link":"https:\/\/pagodetharsys.com\/tienda\/productos\/cava-brut-nature-xarel-lo\/","title":{"rendered":"PAGO DE THARSYS | THARSYS X BRUT NATURE XARE\u00b7LO"},"content":{"rendered":"<h2 style=\"text-align: center;\">PAGO DE THARSYS | THARSYS X BRUT NATURE XAREL\u00b7LO<\/h2>\n<p>&nbsp;<\/p>\n<h3 style=\"text-align: left;\">El Vi\u00f1edo<\/h3>\n<p data-start=\"695\" data-end=\"846\">La parcela Umbr\u00eda-Carrascal, situada a 1.000 metros de altitud y rodeada de bosque, cuenta con 3 hect\u00e1reas de Xarel\u00b7lo poco productivo sobre suelo arcillo-calc\u00e1reo, con orientaci\u00f3n noreste y ligera pendiente que favorece el drenaje y la ventilaci\u00f3n.<\/p>\n<hr \/>\n<h3 style=\"text-align: left;\">A\u00f1ada<\/h3>\n<p data-start=\"496\" data-end=\"620\">La a\u00f1ada comenz\u00f3 con buenas reservas h\u00eddricas, una brotaci\u00f3n tard\u00eda por el fr\u00edo primaveral y un verano muy caluroso con algunas tormentas. La peque\u00f1a parcela de Xarel\u00b7lo dio una producci\u00f3n muy escasa pero de excelente calidad, vendimiada el 15 de septiembre con uvas extremadamente sanas.<\/p>\n<hr \/>\n<h3>Elaboraci\u00f3n<\/h3>\n<p>Elaborado siguiendo el m\u00e9todo tradicional, con vendimia manual y selecci\u00f3n de uvas. Realiza una crianza m\u00ednima de 60 meses en cava subterr\u00e1nea y se elabora como Brut Nature \u201c0 dosage\u201d para expresar el car\u00e1cter del Xarel.lo y del vi\u00f1edo. El removido, deg\u00fcelle, etiquetado y encajado se realizan manualmente.<\/p>\n<hr \/>\n<h3>Notas de Cata<\/h3>\n<p style=\"text-align: left;\"><strong>Vista:<\/strong> Color amarillo oro brillante, con burbuja fina, constante y elegante, que forma una corona delicada y persistente.<\/p>\n<p><strong>Nariz:<\/strong> Intensos aromas de flores blancas y fruta de hueso con toques c\u00edtricos, acompa\u00f1ados de notas frescas vegetales, mantequilla y almendra tierna.<\/p>\n<p><strong>Boca:<\/strong> Entrada fresca y seca, con vibrante acidez y notas de fruta de hueso y c\u00edtricos, gran estructura y cremosidad, y un final largo con recuerdo almendrado.<\/p>\n<hr \/>\n<h3>Servicio y Maridaje<\/h3>\n<p><strong>Servicio:<\/strong> Servir entre 7\u20139 \u00baC en copa de tama\u00f1o medio y cuerpo amplio.<\/p>\n<p><strong>Maridaje:<\/strong> Ideal para acompa\u00f1ar sashimi, ostras y caviar, y perfecto para disfrutar con buena m\u00fasica y vistas al mar o la monta\u00f1a.<\/p>\n<hr \/>\n<p>&nbsp;<\/p>\n<p><strong><em>Descubre m\u00e1s cavas de autor en nuestra <a href=\"https:\/\/pagodetharsys.com\/tienda\/categoria-producto\/vinos\/cavas\/\" target=\"_blank\" rel=\"noopener\">colecci\u00f3n de cavas<\/a> o <a href=\"https:\/\/pagodetharsys.com\/contacto\/\">cont\u00e1ctanos<\/a>.<\/em><\/strong><\/p>\n","protected":false},"excerpt":{"rendered":"<h3>\ud83c\udf77 <strong>Tharsys X Brut Nature Gran Reserva 2019 es un cava de Xarel\u00b7lo, elegante y vibrante, creado para celebrar el 20\u00ba aniversario de Pago de Tharsys. Destaca por su frescura, estructura cremosa y delicadas notas de fruta de hueso, c\u00edtricos y almendra.<\/strong><\/h3>\n<p>&nbsp;<\/p>\n<p data-start=\"50\" data-end=\"81\">\ud83d\udd34 <strong data-start=\"357\" data-end=\"366\">Tipo:<\/strong> Vino espumoso blanco<\/p>\n<p data-start=\"50\" data-end=\"81\">\ud83c\udf47 <strong data-start=\"383\" data-end=\"396\">Variedad:<\/strong> Xarel\u00b7lo<\/p>\n<p data-start=\"83\" data-end=\"104\"><strong>\ud83c\udf77 Grado Alcoh\u00f3lico:<\/strong> 12%<\/p>\n<p data-start=\"106\" data-end=\"165\"><strong data-start=\"109\" data-end=\"125\">\ud83d\udccd Denominaci\u00f3n: <\/strong>DO Cava<\/p>\n<p data-start=\"167\" data-end=\"295\">\ud83d\udd70\ufe0f <strong>Crianza<\/strong>: M\u00e1s de 60 meses en rima &#8211; Guarda Superior Gran reserva<\/p>\n","protected":false},"featured_media":136337,"comment_status":"closed","ping_status":"closed","template":"","meta":{"inline_featured_image":false,"site-sidebar-layout":"default","site-content-layout":"","ast-site-content-layout":"default","site-content-style":"default","site-sidebar-style":"default","ast-global-header-display":"","ast-banner-title-visibility":"","ast-main-header-display":"","ast-hfb-above-header-display":"","ast-hfb-below-header-display":"","ast-hfb-mobile-header-display":"","site-post-title":"","ast-breadcrumbs-content":"","ast-featured-img":"","footer-sml-layout":"","ast-disable-related-posts":"","theme-transparent-header-meta":"default","adv-header-id-meta":"","stick-header-meta":"default","header-above-stick-meta":"","header-main-stick-meta":"","header-below-stick-meta":"","astra-migrate-meta-layouts":"set","ast-page-background-enabled":"default","ast-page-background-meta":{"desktop":{"background-color":"var(--ast-global-color-4)","background-image":"","background-repeat":"repeat","background-position":"center center","background-size":"auto","background-attachment":"scroll","background-type":"","background-media":"","overlay-type":"","overlay-color":"","overlay-opacity":"","overlay-gradient":""},"tablet":{"background-color":"","background-image":"","background-repeat":"repeat","background-position":"center center","background-size":"auto","background-attachment":"scroll","background-type":"","background-media":"","overlay-type":"","overlay-color":"","overlay-opacity":"","overlay-gradient":""},"mobile":{"background-color":"","background-image":"","background-repeat":"repeat","background-position":"center center","background-size":"auto","background-attachment":"scroll","background-type":"","background-media":"","overlay-type":"","overlay-color":"","overlay-opacity":"","overlay-gradient":""}},"ast-content-background-meta":{"desktop":{"background-color":"var(--ast-global-color-5)","background-image":"","background-repeat":"repeat","background-position":"center center","background-size":"auto","background-attachment":"scroll","background-type":"","background-media":"","overlay-type":"","overlay-color":"","overlay-opacity":"","overlay-gradient":""},"tablet":{"background-color":"var(--ast-global-color-5)","background-image":"","background-repeat":"repeat","background-position":"center center","background-size":"auto","background-attachment":"scroll","background-type":"","background-media":"","overlay-type":"","overlay-color":"","overlay-opacity":"","overlay-gradient":""},"mobile":{"background-color":"var(--ast-global-color-5)","background-image":"","background-repeat":"repeat","background-position":"center center","background-size":"auto","background-attachment":"scroll","background-type":"","background-media":"","overlay-type":"","overlay-color":"","overlay-opacity":"","overlay-gradient":""}}},"product_brand":[],"product_cat":[1714,1708],"product_tag":[1862,1864,1866,1865,1867,1856,1863],"class_list":{"0":"post-88267","1":"product","2":"type-product","3":"status-publish","4":"has-post-thumbnail","6":"product_cat-cavas","7":"product_cat-pago-de-tharsys","8":"product_tag-brut-nature","9":"product_tag-cava","10":"product_tag-chardonnay","11":"product_tag-ecologico","12":"product_tag-etiqueta-ceramica","13":"product_tag-pago-de-tharsys","14":"product_tag-reserva","15":"desktop-align-left","16":"tablet-align-left","17":"mobile-align-left","18":"ast-product-gallery-layout-vertical-slider","19":"ast-magnify-disabled","20":"ast-product-tabs-layout-accordion","22":"first","23":"instock","24":"taxable","25":"shipping-taxable","26":"purchasable","27":"product-type-simple"},"booking_location":null,"booking_location_type":null,"booking_duration":null,"booking_duration_unit":null,"booking_buffer":null,"booking_cost":null,"booking_resources":null,"yoast_head":"<!-- This site is optimized with the Yoast SEO plugin v27.5 - https:\/\/yoast.com\/product\/yoast-seo-wordpress\/ -->\n<title>Tharsys X Brut Nature Xarel\u00b7lo | Pago de Tharsys<\/title>\n<meta name=\"description\" content=\"Pago de Tharsys | Tharsys X Brut Nature Xarel\u00b7lo con m\u00e1s de 60 meses en rima. Deg\u00fcelle manual, botellas numeradas y etiqueta de cer\u00e1mica artesanal.\" \/>\n<meta name=\"robots\" content=\"index, follow, max-snippet:-1, max-image-preview:large, max-video-preview:-1\" \/>\n<link rel=\"canonical\" href=\"https:\/\/pagodetharsys.com\/tienda\/productos\/cava-brut-nature-xarel-lo\/\" \/>\n<meta property=\"og:locale\" content=\"es_ES\" \/>\n<meta property=\"og:type\" content=\"article\" \/>\n<meta property=\"og:title\" content=\"Tharsys X Brut Nature Xarel\u00b7lo | Pago de Tharsys\" \/>\n<meta property=\"og:description\" content=\"Pago de Tharsys | Tharsys X Brut Nature Xarel\u00b7lo con m\u00e1s de 60 meses en rima. Deg\u00fcelle manual, botellas numeradas y etiqueta de cer\u00e1mica artesanal.\" \/>\n<meta property=\"og:url\" content=\"https:\/\/pagodetharsys.com\/tienda\/productos\/cava-brut-nature-xarel-lo\/\" \/>\n<meta property=\"og:site_name\" content=\"Pago de Tharsys\" \/>\n<meta property=\"article:publisher\" content=\"https:\/\/www.facebook.com\/pagodetharsys\/\" \/>\n<meta property=\"article:modified_time\" content=\"2026-03-12T11:53:19+00:00\" \/>\n<meta property=\"og:image\" content=\"https:\/\/pagodetharsys.com\/tienda\/wp-content\/uploads\/2022\/11\/TharsysX-scaled-e1677760203932.jpg\" \/>\n\t<meta property=\"og:image:width\" content=\"1500\" \/>\n\t<meta property=\"og:image:height\" content=\"2357\" \/>\n\t<meta property=\"og:image:type\" content=\"image\/jpeg\" \/>\n<meta name=\"twitter:card\" content=\"summary_large_image\" \/>\n<meta name=\"twitter:site\" content=\"@pagodetharsys\" \/>\n<meta name=\"twitter:label1\" content=\"Tiempo de lectura\" \/>\n\t<meta name=\"twitter:data1\" content=\"2 minutos\" \/>\n<script type=\"application\/ld+json\" class=\"yoast-schema-graph\">{\"@context\":\"https:\\\/\\\/schema.org\",\"@graph\":[{\"@type\":\"WebPage\",\"@id\":\"https:\\\/\\\/pagodetharsys.com\\\/tienda\\\/productos\\\/cava-brut-nature-xarel-lo\\\/\",\"url\":\"https:\\\/\\\/pagodetharsys.com\\\/tienda\\\/productos\\\/cava-brut-nature-xarel-lo\\\/\",\"name\":\"Tharsys X Brut Nature Xarel\u00b7lo | Pago de Tharsys\",\"isPartOf\":{\"@id\":\"https:\\\/\\\/pagodetharsys.com\\\/tienda\\\/#website\"},\"primaryImageOfPage\":{\"@id\":\"https:\\\/\\\/pagodetharsys.com\\\/tienda\\\/productos\\\/cava-brut-nature-xarel-lo\\\/#primaryimage\"},\"image\":{\"@id\":\"https:\\\/\\\/pagodetharsys.com\\\/tienda\\\/productos\\\/cava-brut-nature-xarel-lo\\\/#primaryimage\"},\"thumbnailUrl\":\"https:\\\/\\\/pagodetharsys.com\\\/tienda\\\/wp-content\\\/uploads\\\/2022\\\/11\\\/TharsysX-scaled-e1677760203932.jpg\",\"datePublished\":\"2022-11-25T12:06:16+00:00\",\"dateModified\":\"2026-03-12T11:53:19+00:00\",\"description\":\"Pago de Tharsys | Tharsys X Brut Nature Xarel\u00b7lo con m\u00e1s de 60 meses en rima. Deg\u00fcelle manual, botellas numeradas y etiqueta de cer\u00e1mica artesanal.\",\"breadcrumb\":{\"@id\":\"https:\\\/\\\/pagodetharsys.com\\\/tienda\\\/productos\\\/cava-brut-nature-xarel-lo\\\/#breadcrumb\"},\"inLanguage\":\"es\",\"potentialAction\":[{\"@type\":\"ReadAction\",\"target\":[\"https:\\\/\\\/pagodetharsys.com\\\/tienda\\\/productos\\\/cava-brut-nature-xarel-lo\\\/\"]}]},{\"@type\":\"ImageObject\",\"inLanguage\":\"es\",\"@id\":\"https:\\\/\\\/pagodetharsys.com\\\/tienda\\\/productos\\\/cava-brut-nature-xarel-lo\\\/#primaryimage\",\"url\":\"https:\\\/\\\/pagodetharsys.com\\\/tienda\\\/wp-content\\\/uploads\\\/2022\\\/11\\\/TharsysX-scaled-e1677760203932.jpg\",\"contentUrl\":\"https:\\\/\\\/pagodetharsys.com\\\/tienda\\\/wp-content\\\/uploads\\\/2022\\\/11\\\/TharsysX-scaled-e1677760203932.jpg\",\"width\":1500,\"height\":2357},{\"@type\":\"BreadcrumbList\",\"@id\":\"https:\\\/\\\/pagodetharsys.com\\\/tienda\\\/productos\\\/cava-brut-nature-xarel-lo\\\/#breadcrumb\",\"itemListElement\":[{\"@type\":\"ListItem\",\"position\":1,\"name\":\"Portada\",\"item\":\"https:\\\/\\\/pagodetharsys.com\\\/tienda\\\/\"},{\"@type\":\"ListItem\",\"position\":2,\"name\":\"Products\",\"item\":\"https:\\\/\\\/pagodetharsys.com\\\/tienda\\\/en\\\/\"},{\"@type\":\"ListItem\",\"position\":3,\"name\":\"PAGO DE THARSYS | THARSYS X BRUT NATURE XARE\u00b7LO\"}]},{\"@type\":\"WebSite\",\"@id\":\"https:\\\/\\\/pagodetharsys.com\\\/tienda\\\/#website\",\"url\":\"https:\\\/\\\/pagodetharsys.com\\\/tienda\\\/\",\"name\":\"Pago de Tharsys\",\"description\":\"Una experiencia sensorial que llega m\u00e1s all\u00e1 de una copa de vino\",\"publisher\":{\"@id\":\"https:\\\/\\\/pagodetharsys.com\\\/tienda\\\/#organization\"},\"potentialAction\":[{\"@type\":\"SearchAction\",\"target\":{\"@type\":\"EntryPoint\",\"urlTemplate\":\"https:\\\/\\\/pagodetharsys.com\\\/tienda\\\/?s={search_term_string}\"},\"query-input\":{\"@type\":\"PropertyValueSpecification\",\"valueRequired\":true,\"valueName\":\"search_term_string\"}}],\"inLanguage\":\"es\"},{\"@type\":\"Organization\",\"@id\":\"https:\\\/\\\/pagodetharsys.com\\\/tienda\\\/#organization\",\"name\":\"Pago de Tharsys\",\"url\":\"https:\\\/\\\/pagodetharsys.com\\\/tienda\\\/\",\"logo\":{\"@type\":\"ImageObject\",\"inLanguage\":\"es\",\"@id\":\"https:\\\/\\\/pagodetharsys.com\\\/tienda\\\/#\\\/schema\\\/logo\\\/image\\\/\",\"url\":\"https:\\\/\\\/pagodetharsys.com\\\/tienda\\\/wp-content\\\/uploads\\\/2025\\\/12\\\/logo-pagodetharsys-2025.svg\",\"contentUrl\":\"https:\\\/\\\/pagodetharsys.com\\\/tienda\\\/wp-content\\\/uploads\\\/2025\\\/12\\\/logo-pagodetharsys-2025.svg\",\"width\":100,\"height\":100,\"caption\":\"Pago de Tharsys\"},\"image\":{\"@id\":\"https:\\\/\\\/pagodetharsys.com\\\/tienda\\\/#\\\/schema\\\/logo\\\/image\\\/\"},\"sameAs\":[\"https:\\\/\\\/www.facebook.com\\\/pagodetharsys\\\/\",\"https:\\\/\\\/x.com\\\/pagodetharsys\",\"https:\\\/\\\/www.instagram.com\\\/pagodetharsys\\\/\"]}]}<\/script>\n<!-- \/ Yoast SEO plugin. -->","yoast_head_json":{"title":"Tharsys X Brut Nature Xarel\u00b7lo | Pago de Tharsys","description":"Pago de Tharsys | Tharsys X Brut Nature Xarel\u00b7lo con m\u00e1s de 60 meses en rima. Deg\u00fcelle manual, botellas numeradas y etiqueta de cer\u00e1mica artesanal.","robots":{"index":"index","follow":"follow","max-snippet":"max-snippet:-1","max-image-preview":"max-image-preview:large","max-video-preview":"max-video-preview:-1"},"canonical":"https:\/\/pagodetharsys.com\/tienda\/productos\/cava-brut-nature-xarel-lo\/","og_locale":"es_ES","og_type":"article","og_title":"Tharsys X Brut Nature Xarel\u00b7lo | Pago de Tharsys","og_description":"Pago de Tharsys | Tharsys X Brut Nature Xarel\u00b7lo con m\u00e1s de 60 meses en rima. Deg\u00fcelle manual, botellas numeradas y etiqueta de cer\u00e1mica artesanal.","og_url":"https:\/\/pagodetharsys.com\/tienda\/productos\/cava-brut-nature-xarel-lo\/","og_site_name":"Pago de Tharsys","article_publisher":"https:\/\/www.facebook.com\/pagodetharsys\/","article_modified_time":"2026-03-12T11:53:19+00:00","og_image":[{"width":1500,"height":2357,"url":"https:\/\/pagodetharsys.com\/tienda\/wp-content\/uploads\/2022\/11\/TharsysX-scaled-e1677760203932.jpg","type":"image\/jpeg"}],"twitter_card":"summary_large_image","twitter_site":"@pagodetharsys","twitter_misc":{"Tiempo de lectura":"2 minutos"},"schema":{"@context":"https:\/\/schema.org","@graph":[{"@type":"WebPage","@id":"https:\/\/pagodetharsys.com\/tienda\/productos\/cava-brut-nature-xarel-lo\/","url":"https:\/\/pagodetharsys.com\/tienda\/productos\/cava-brut-nature-xarel-lo\/","name":"Tharsys X Brut Nature Xarel\u00b7lo | Pago de Tharsys","isPartOf":{"@id":"https:\/\/pagodetharsys.com\/tienda\/#website"},"primaryImageOfPage":{"@id":"https:\/\/pagodetharsys.com\/tienda\/productos\/cava-brut-nature-xarel-lo\/#primaryimage"},"image":{"@id":"https:\/\/pagodetharsys.com\/tienda\/productos\/cava-brut-nature-xarel-lo\/#primaryimage"},"thumbnailUrl":"https:\/\/pagodetharsys.com\/tienda\/wp-content\/uploads\/2022\/11\/TharsysX-scaled-e1677760203932.jpg","datePublished":"2022-11-25T12:06:16+00:00","dateModified":"2026-03-12T11:53:19+00:00","description":"Pago de Tharsys | Tharsys X Brut Nature Xarel\u00b7lo con m\u00e1s de 60 meses en rima. Deg\u00fcelle manual, botellas numeradas y etiqueta de cer\u00e1mica artesanal.","breadcrumb":{"@id":"https:\/\/pagodetharsys.com\/tienda\/productos\/cava-brut-nature-xarel-lo\/#breadcrumb"},"inLanguage":"es","potentialAction":[{"@type":"ReadAction","target":["https:\/\/pagodetharsys.com\/tienda\/productos\/cava-brut-nature-xarel-lo\/"]}]},{"@type":"ImageObject","inLanguage":"es","@id":"https:\/\/pagodetharsys.com\/tienda\/productos\/cava-brut-nature-xarel-lo\/#primaryimage","url":"https:\/\/pagodetharsys.com\/tienda\/wp-content\/uploads\/2022\/11\/TharsysX-scaled-e1677760203932.jpg","contentUrl":"https:\/\/pagodetharsys.com\/tienda\/wp-content\/uploads\/2022\/11\/TharsysX-scaled-e1677760203932.jpg","width":1500,"height":2357},{"@type":"BreadcrumbList","@id":"https:\/\/pagodetharsys.com\/tienda\/productos\/cava-brut-nature-xarel-lo\/#breadcrumb","itemListElement":[{"@type":"ListItem","position":1,"name":"Portada","item":"https:\/\/pagodetharsys.com\/tienda\/"},{"@type":"ListItem","position":2,"name":"Products","item":"https:\/\/pagodetharsys.com\/tienda\/en\/"},{"@type":"ListItem","position":3,"name":"PAGO DE THARSYS | THARSYS X BRUT NATURE XARE\u00b7LO"}]},{"@type":"WebSite","@id":"https:\/\/pagodetharsys.com\/tienda\/#website","url":"https:\/\/pagodetharsys.com\/tienda\/","name":"Pago de Tharsys","description":"Una experiencia sensorial que llega m\u00e1s all\u00e1 de una copa de vino","publisher":{"@id":"https:\/\/pagodetharsys.com\/tienda\/#organization"},"potentialAction":[{"@type":"SearchAction","target":{"@type":"EntryPoint","urlTemplate":"https:\/\/pagodetharsys.com\/tienda\/?s={search_term_string}"},"query-input":{"@type":"PropertyValueSpecification","valueRequired":true,"valueName":"search_term_string"}}],"inLanguage":"es"},{"@type":"Organization","@id":"https:\/\/pagodetharsys.com\/tienda\/#organization","name":"Pago de Tharsys","url":"https:\/\/pagodetharsys.com\/tienda\/","logo":{"@type":"ImageObject","inLanguage":"es","@id":"https:\/\/pagodetharsys.com\/tienda\/#\/schema\/logo\/image\/","url":"https:\/\/pagodetharsys.com\/tienda\/wp-content\/uploads\/2025\/12\/logo-pagodetharsys-2025.svg","contentUrl":"https:\/\/pagodetharsys.com\/tienda\/wp-content\/uploads\/2025\/12\/logo-pagodetharsys-2025.svg","width":100,"height":100,"caption":"Pago de Tharsys"},"image":{"@id":"https:\/\/pagodetharsys.com\/tienda\/#\/schema\/logo\/image\/"},"sameAs":["https:\/\/www.facebook.com\/pagodetharsys\/","https:\/\/x.com\/pagodetharsys","https:\/\/www.instagram.com\/pagodetharsys\/"]}]}},"_links":{"self":[{"href":"https:\/\/pagodetharsys.com\/tienda\/wp-json\/wp\/v2\/product\/88267","targetHints":{"allow":["GET"]}}],"collection":[{"href":"https:\/\/pagodetharsys.com\/tienda\/wp-json\/wp\/v2\/product"}],"about":[{"href":"https:\/\/pagodetharsys.com\/tienda\/wp-json\/wp\/v2\/types\/product"}],"replies":[{"embeddable":true,"href":"https:\/\/pagodetharsys.com\/tienda\/wp-json\/wp\/v2\/comments?post=88267"}],"wp:featuredmedia":[{"embeddable":true,"href":"https:\/\/pagodetharsys.com\/tienda\/wp-json\/wp\/v2\/media\/136337"}],"wp:attachment":[{"href":"https:\/\/pagodetharsys.com\/tienda\/wp-json\/wp\/v2\/media?parent=88267"}],"wp:term":[{"taxonomy":"product_brand","embeddable":true,"href":"https:\/\/pagodetharsys.com\/tienda\/wp-json\/wp\/v2\/product_brand?post=88267"},{"taxonomy":"product_cat","embeddable":true,"href":"https:\/\/pagodetharsys.com\/tienda\/wp-json\/wp\/v2\/product_cat?post=88267"},{"taxonomy":"product_tag","embeddable":true,"href":"https:\/\/pagodetharsys.com\/tienda\/wp-json\/wp\/v2\/product_tag?post=88267"}],"curies":[{"name":"wp","href":"https:\/\/api.w.org\/{rel}","templated":true}]}}